{"id":6995,"date":"2021-04-16T10:27:52","date_gmt":"2021-04-16T08:27:52","guid":{"rendered":"https:\/\/www.grandesassisesamp2022.com\/accueil\/o-que-e-a-amp\/"},"modified":"2022-01-15T09:46:51","modified_gmt":"2022-01-15T08:46:51","slug":"o-que-e-a-amp","status":"publish","type":"page","link":"https:\/\/www.grandesassisesamp2022.com\/pt-br\/acolhimento\/o-que-e-a-amp\/","title":{"rendered":"O que \u00e9 a AMP ?"},"content":{"rendered":"<p class=\"p1\">Por Angelina Harari, presidente da Associa\u00e7\u00e3o Mundial de Psican\u00e1lise<\/p>\n<p>A AMP re\u00fane sete Escolas, localizadas em diferentes pa\u00edses, em diferentes continentes. Caracterizada pela diversidade das l\u00ednguas e dos estilos, ela \u00e9 uma experi\u00eancia translingu\u00edstica que se prop\u00f5e a manter viva a orienta\u00e7\u00e3o lacaniana e a Psican\u00e1lise. Todos os seus membros t\u00eam, de fato, um ponto em comum: suas refer\u00eancias te\u00f3ricas, sua preocupa\u00e7\u00e3o com a forma\u00e7\u00e3o do analista, sua maneira de praticar a psican\u00e1lise, sua doutrina sobre o final da an\u00e1lise. Seus membros, que vivem em diferentes contextos sociais e culturais, sentem-se, um a um, formando uma Escola UNA, compartilhando seu destino, compartilhando como destino: a psican\u00e1lise.<\/p>\n<p>A exist\u00eancia da AMP \u00e9 uma consequ\u00eancia do ensino de Jacques Lacan, tal como ele se difundiu fora da Fran\u00e7a e tal como Jacques-Alain Miller o ressaltou ao ver um grande n\u00famero de colegas argentinos chegarem ao Semin\u00e1rio de Caracas, em 1980, em torno do ensino de Jacques Lacan, uma <em>premi\u00e8re <\/em>na Am\u00e9rica Latina. Assim, desde seu nascimento em 1981, o sujeito Escola da Causa Freudiana j\u00e1 vislumbrava o mundo mais al\u00e9m de suas fronteiras. Um marco crucial foi a cria\u00e7\u00e3o da AMP, por J.-A. Miller, em 1992. Oito anos depois, o significante \u201cEscola Una\u201d veio colocar um ponto de basta na particularidade da AMP, isto \u00e9, sua extimidade. Ela \u00e9 a Una que re\u00fane as Escolas para al\u00e9m de suas diferen\u00e7as e de sua diversidade.<\/p>\n<p><em>Angelina Harari, Sao Paulo, avril 2021.<\/em><\/p>\n<p style=\"text-align: center;\"><img loading=\"lazy\" decoding=\"async\" class=\"alignnone size-full wp-image-8687\" src=\"https:\/\/www.grandesassisesamp2022.com\/wp-content\/uploads\/2021\/05\/logo_amp.png\" alt=\"\" width=\"175\" height=\"174\" srcset=\"https:\/\/www.grandesassisesamp2022.com\/wp-content\/uploads\/2021\/05\/logo_amp.png 175w, https:\/\/www.grandesassisesamp2022.com\/wp-content\/uploads\/2021\/05\/logo_amp-150x150.png 150w, https:\/\/www.grandesassisesamp2022.com\/wp-content\/uploads\/2021\/05\/logo_amp-100x100.png 100w\" sizes=\"auto, (max-width: 175px) 100vw, 175px\" \/><\/p>\n\n\n<h3 class=\"wp-block-heading\"><span class=\"has-inline-color has-neve-link-color-color\">3 DE JANEIRO DE 2022 &#8211; 30 ANOS DO AN\u00daNCIO DA CRIA\u00c7\u00c3O DA AMP<\/span><\/h3>\n\n\n\n<div class=\"wp-block-columns is-layout-flex wp-container-core-columns-is-layout-9d6595d7 wp-block-columns-is-layout-flex\">\n<div class=\"wp-block-column is-layout-flow wp-block-column-is-layout-flow\">\n<p>\u00ab Este janeiro constitue um momento importante na vida da psican\u00e1lise de orienta\u00e7\u00e3o lacaniana : J.-A. Miller anunciou, em 3 de janeiro de 1992, \u00e0 Buenos Aires, a cria\u00e7\u00e3o da AMP. <\/p>\n\n\n\n<p>\u00c9 por esta raz\u00e3o que a presidente da AMP, Angelina Harari, e J.A. Miller consideram ser de grande import\u00e2ncia celebrar essa data com a difus\u00e3o deste v\u00eddeo (voc\u00ea pode ativar as legendas autom\u00e1ticas em espanhol, depois ir em par\u00e2metros, clicar em \u201cespanhol\u201d, escolher \u201ctraduzir automaticamente\u201d e \u201cportugu\u00eas\u201d).<\/p>\n\n\n\n<p>Melhores votos para 2022 ! \u00bb\u00a0<br><em>Andrea Zelaya<br>Presidente da EOL<\/em><\/p>\n<\/div>\n\n\n\n<div class=\"wp-block-column is-layout-flow wp-block-column-is-layout-flow\">\n<figure class=\"wp-block-embed is-type-video is-provider-youtube wp-block-embed-youtube wp-embed-aspect-4-3 wp-has-aspect-ratio\"><div class=\"wp-block-embed__wrapper\">\n<div class=\"nv-iframe-embed\"><iframe loading=\"lazy\" title=\"A 30 a\u00f1os de la fundaci\u00f3n de la EOL. Anuncio por J.-A Miller de la creaci\u00f3nde la AMP.\" width=\"1200\" height=\"900\" src=\"https:\/\/www.youtube.com\/embed\/U60UZTe9Pzk?feature=oembed\" frameborder=\"0\" allow=\"accelerometer; autoplay; clipboard-write; encrypted-media; gyroscope; picture-in-picture\" allowfullscreen><\/iframe><\/div>\n<\/div><\/figure>\n<\/div>\n<\/div>\n","protected":false},"excerpt":{"rendered":"<p>Por Angelina Harari, presidente da Associa\u00e7\u00e3o Mundial de Psican\u00e1lise A AMP re\u00fane sete Escolas, localizadas em diferentes pa\u00edses, em diferentes continentes. Caracterizada pela diversidade das l\u00ednguas e dos estilos, ela \u00e9 uma experi\u00eancia translingu\u00edstica que se prop\u00f5e a manter viva a orienta\u00e7\u00e3o lacaniana e a Psican\u00e1lise. Todos os seus membros t\u00eam, de fato, um ponto&hellip;&nbsp;<a href=\"https:\/\/www.grandesassisesamp2022.com\/pt-br\/acolhimento\/o-que-e-a-amp\/\" class=\"\" rel=\"bookmark\">Read More &raquo;<span class=\"screen-reader-text\">O que \u00e9 a AMP ?<\/span><\/a><\/p>\n","protected":false},"author":13,"featured_media":6550,"parent":7569,"menu_order":4,"comment_status":"closed","ping_status":"closed","template":"","meta":{"neve_meta_sidebar":"full-width","neve_meta_container":"","neve_meta_enable_content_width":"","neve_meta_content_width":0,"neve_meta_title_alignment":"","neve_meta_author_avatar":"","neve_post_elements_order":"","neve_meta_disable_header":"","neve_meta_disable_footer":"","neve_meta_disable_title":"off","footnotes":""},"class_list":["post-6995","page","type-page","status-publish","has-post-thumbnail","hentry"],"acf":[],"yoast_head":"<!-- This site is optimized with the Yoast SEO plugin v20.1 - https:\/\/yoast.com\/wordpress\/plugins\/seo\/ -->\n<title>O que \u00e9 a AMP ? - Grandes assises AMP 2022<\/title>\n<meta name=\"robots\" content=\"index, follow, max-snippet:-1, max-image-preview:large, max-video-preview:-1\" \/>\n<link rel=\"canonical\" href=\"https:\/\/www.grandesassisesamp2022.com\/pt-br\/acolhimento\/o-que-e-a-amp\/\" \/>\n<meta property=\"og:locale\" content=\"pt_BR\" \/>\n<meta property=\"og:type\" content=\"article\" \/>\n<meta property=\"og:title\" content=\"O que \u00e9 a AMP ? - Grandes assises AMP 2022\" \/>\n<meta property=\"og:description\" content=\"Por Angelina Harari, presidente da Associa\u00e7\u00e3o Mundial de Psican\u00e1lise A AMP re\u00fane sete Escolas, localizadas em diferentes pa\u00edses, em diferentes continentes. Caracterizada pela diversidade das l\u00ednguas e dos estilos, ela \u00e9 uma experi\u00eancia translingu\u00edstica que se prop\u00f5e a manter viva a orienta\u00e7\u00e3o lacaniana e a Psican\u00e1lise. Todos os seus membros t\u00eam, de fato, um ponto&hellip;&nbsp;Read More &raquo;O que \u00e9 a AMP ?\" \/>\n<meta property=\"og:url\" content=\"https:\/\/www.grandesassisesamp2022.com\/pt-br\/acolhimento\/o-que-e-a-amp\/\" \/>\n<meta property=\"og:site_name\" content=\"Grandes assises AMP 2022\" \/>\n<meta property=\"article:modified_time\" content=\"2022-01-15T08:46:51+00:00\" \/>\n<meta property=\"og:image\" content=\"https:\/\/www.grandesassisesamp2022.com\/wp-content\/uploads\/2021\/04\/nasa-Q1p7bh3SHj8-unsplash.jpg\" \/>\n\t<meta property=\"og:image:width\" content=\"1600\" \/>\n\t<meta property=\"og:image:height\" content=\"400\" \/>\n\t<meta property=\"og:image:type\" content=\"image\/jpeg\" \/>\n<meta name=\"twitter:card\" content=\"summary_large_image\" \/>\n<meta name=\"twitter:label1\" content=\"Est. tempo de leitura\" \/>\n\t<meta name=\"twitter:data1\" content=\"2 minutos\" \/>\n<script type=\"application\/ld+json\" class=\"yoast-schema-graph\">{\"@context\":\"https:\/\/schema.org\",\"@graph\":[{\"@type\":\"WebPage\",\"@id\":\"https:\/\/www.grandesassisesamp2022.com\/pt-br\/acolhimento\/o-que-e-a-amp\/\",\"url\":\"https:\/\/www.grandesassisesamp2022.com\/pt-br\/acolhimento\/o-que-e-a-amp\/\",\"name\":\"O que \u00e9 a AMP ? - Grandes assises AMP 2022\",\"isPartOf\":{\"@id\":\"https:\/\/www.grandesassisesamp2022.com\/#website\"},\"datePublished\":\"2021-04-16T08:27:52+00:00\",\"dateModified\":\"2022-01-15T08:46:51+00:00\",\"breadcrumb\":{\"@id\":\"https:\/\/www.grandesassisesamp2022.com\/pt-br\/acolhimento\/o-que-e-a-amp\/#breadcrumb\"},\"inLanguage\":\"pt-BR\",\"potentialAction\":[{\"@type\":\"ReadAction\",\"target\":[\"https:\/\/www.grandesassisesamp2022.com\/pt-br\/acolhimento\/o-que-e-a-amp\/\"]}]},{\"@type\":\"BreadcrumbList\",\"@id\":\"https:\/\/www.grandesassisesamp2022.com\/pt-br\/acolhimento\/o-que-e-a-amp\/#breadcrumb\",\"itemListElement\":[{\"@type\":\"ListItem\",\"position\":1,\"name\":\"Accueil\",\"item\":\"https:\/\/www.grandesassisesamp2022.com\/pt-br\/\"},{\"@type\":\"ListItem\",\"position\":2,\"name\":\"Acolhimento\",\"item\":\"https:\/\/www.grandesassisesamp2022.com\/pt-br\/\"},{\"@type\":\"ListItem\",\"position\":3,\"name\":\"O que \u00e9 a AMP ?\"}]},{\"@type\":\"WebSite\",\"@id\":\"https:\/\/www.grandesassisesamp2022.com\/#website\",\"url\":\"https:\/\/www.grandesassisesamp2022.com\/\",\"name\":\"Grandes assises AMP 2022\",\"description\":\"Paris\",\"potentialAction\":[{\"@type\":\"SearchAction\",\"target\":{\"@type\":\"EntryPoint\",\"urlTemplate\":\"https:\/\/www.grandesassisesamp2022.com\/?s={search_term_string}\"},\"query-input\":\"required name=search_term_string\"}],\"inLanguage\":\"pt-BR\"}]}<\/script>\n<!-- \/ Yoast SEO plugin. -->","yoast_head_json":{"title":"O que \u00e9 a AMP ? - Grandes assises AMP 2022","robots":{"index":"index","follow":"follow","max-snippet":"max-snippet:-1","max-image-preview":"max-image-preview:large","max-video-preview":"max-video-preview:-1"},"canonical":"https:\/\/www.grandesassisesamp2022.com\/pt-br\/acolhimento\/o-que-e-a-amp\/","og_locale":"pt_BR","og_type":"article","og_title":"O que \u00e9 a AMP ? - Grandes assises AMP 2022","og_description":"Por Angelina Harari, presidente da Associa\u00e7\u00e3o Mundial de Psican\u00e1lise A AMP re\u00fane sete Escolas, localizadas em diferentes pa\u00edses, em diferentes continentes. Caracterizada pela diversidade das l\u00ednguas e dos estilos, ela \u00e9 uma experi\u00eancia translingu\u00edstica que se prop\u00f5e a manter viva a orienta\u00e7\u00e3o lacaniana e a Psican\u00e1lise. Todos os seus membros t\u00eam, de fato, um ponto&hellip;&nbsp;Read More &raquo;O que \u00e9 a AMP ?","og_url":"https:\/\/www.grandesassisesamp2022.com\/pt-br\/acolhimento\/o-que-e-a-amp\/","og_site_name":"Grandes assises AMP 2022","article_modified_time":"2022-01-15T08:46:51+00:00","og_image":[{"width":1600,"height":400,"url":"https:\/\/www.grandesassisesamp2022.com\/wp-content\/uploads\/2021\/04\/nasa-Q1p7bh3SHj8-unsplash.jpg","type":"image\/jpeg"}],"twitter_card":"summary_large_image","twitter_misc":{"Est. tempo de leitura":"2 minutos"},"schema":{"@context":"https:\/\/schema.org","@graph":[{"@type":"WebPage","@id":"https:\/\/www.grandesassisesamp2022.com\/pt-br\/acolhimento\/o-que-e-a-amp\/","url":"https:\/\/www.grandesassisesamp2022.com\/pt-br\/acolhimento\/o-que-e-a-amp\/","name":"O que \u00e9 a AMP ? - Grandes assises AMP 2022","isPartOf":{"@id":"https:\/\/www.grandesassisesamp2022.com\/#website"},"datePublished":"2021-04-16T08:27:52+00:00","dateModified":"2022-01-15T08:46:51+00:00","breadcrumb":{"@id":"https:\/\/www.grandesassisesamp2022.com\/pt-br\/acolhimento\/o-que-e-a-amp\/#breadcrumb"},"inLanguage":"pt-BR","potentialAction":[{"@type":"ReadAction","target":["https:\/\/www.grandesassisesamp2022.com\/pt-br\/acolhimento\/o-que-e-a-amp\/"]}]},{"@type":"BreadcrumbList","@id":"https:\/\/www.grandesassisesamp2022.com\/pt-br\/acolhimento\/o-que-e-a-amp\/#breadcrumb","itemListElement":[{"@type":"ListItem","position":1,"name":"Accueil","item":"https:\/\/www.grandesassisesamp2022.com\/pt-br\/"},{"@type":"ListItem","position":2,"name":"Acolhimento","item":"https:\/\/www.grandesassisesamp2022.com\/pt-br\/"},{"@type":"ListItem","position":3,"name":"O que \u00e9 a AMP ?"}]},{"@type":"WebSite","@id":"https:\/\/www.grandesassisesamp2022.com\/#website","url":"https:\/\/www.grandesassisesamp2022.com\/","name":"Grandes assises AMP 2022","description":"Paris","potentialAction":[{"@type":"SearchAction","target":{"@type":"EntryPoint","urlTemplate":"https:\/\/www.grandesassisesamp2022.com\/?s={search_term_string}"},"query-input":"required name=search_term_string"}],"inLanguage":"pt-BR"}]}},"_links":{"self":[{"href":"https:\/\/www.grandesassisesamp2022.com\/pt-br\/wp-json\/wp\/v2\/pages\/6995","targetHints":{"allow":["GET"]}}],"collection":[{"href":"https:\/\/www.grandesassisesamp2022.com\/pt-br\/wp-json\/wp\/v2\/pages"}],"about":[{"href":"https:\/\/www.grandesassisesamp2022.com\/pt-br\/wp-json\/wp\/v2\/types\/page"}],"author":[{"embeddable":true,"href":"https:\/\/www.grandesassisesamp2022.com\/pt-br\/wp-json\/wp\/v2\/users\/13"}],"replies":[{"embeddable":true,"href":"https:\/\/www.grandesassisesamp2022.com\/pt-br\/wp-json\/wp\/v2\/comments?post=6995"}],"version-history":[{"count":29,"href":"https:\/\/www.grandesassisesamp2022.com\/pt-br\/wp-json\/wp\/v2\/pages\/6995\/revisions"}],"predecessor-version":[{"id":11660,"href":"https:\/\/www.grandesassisesamp2022.com\/pt-br\/wp-json\/wp\/v2\/pages\/6995\/revisions\/11660"}],"up":[{"embeddable":true,"href":"https:\/\/www.grandesassisesamp2022.com\/pt-br\/wp-json\/wp\/v2\/pages\/7569"}],"wp:featuredmedia":[{"embeddable":true,"href":"https:\/\/www.grandesassisesamp2022.com\/pt-br\/wp-json\/wp\/v2\/media\/6550"}],"wp:attachment":[{"href":"https:\/\/www.grandesassisesamp2022.com\/pt-br\/wp-json\/wp\/v2\/media?parent=6995"}],"curies":[{"name":"wp","href":"https:\/\/api.w.org\/{rel}","templated":true}]}}

O que é a AMP ?

<p class="p1">Por Angelina Harari, presidente da Associação Mundial de Psicanálise</p>
<p>A AMP reúne sete Escolas, localizadas em diferentes países, em diferentes continentes. Caracterizada pela diversidade das línguas e dos estilos, ela é uma experiência translinguística que se propõe a manter viva a orientação lacaniana e a Psicanálise. Todos os seus membros têm, de fato, um ponto em comum: suas referências teóricas, sua preocupação com a formação do analista, sua maneira de praticar a psicanálise, sua doutrina sobre o final da análise. Seus membros, que vivem em diferentes contextos sociais e culturais, sentem-se, um a um, formando uma Escola UNA, compartilhando seu destino, compartilhando como destino: a psicanálise.</p>
<p>A existência da AMP é uma consequência do ensino de Jacques Lacan, tal como ele se difundiu fora da França e tal como Jacques-Alain Miller o ressaltou ao ver um grande número de colegas argentinos chegarem ao Seminário de Caracas, em 1980, em torno do ensino de Jacques Lacan, uma <em>première </em>na América Latina. Assim, desde seu nascimento em 1981, o sujeito Escola da Causa Freudiana já vislumbrava o mundo mais além de suas fronteiras. Um marco crucial foi a criação da AMP, por J.-A. Miller, em 1992. Oito anos depois, o significante “Escola Una” veio colocar um ponto de basta na particularidade da AMP, isto é, sua extimidade. Ela é a Una que reúne as Escolas para além de suas diferenças e de sua diversidade.</p>
<p><em>Angelina Harari, Sao Paulo, avril 2021.</em></p>
<p style="text-align: center;"><img loading="lazy" decoding="async" class="alignnone size-full wp-image-8687" src="https://www.grandesassisesamp2022.com/wp-content/uploads/2021/05/logo_amp.png" alt="" width="175" height="174" srcset="https://www.grandesassisesamp2022.com/wp-content/uploads/2021/05/logo_amp.png 175w, https://www.grandesassisesamp2022.com/wp-content/uploads/2021/05/logo_amp-150x150.png 150w, https://www.grandesassisesamp2022.com/wp-content/uploads/2021/05/logo_amp-100x100.png 100w" sizes="auto, (max-width: 175px) 100vw, 175px" /></p>


<h3 class="wp-block-heading"><span class="has-inline-color has-neve-link-color-color">3 DE JANEIRO DE 2022 &#8211; 30 ANOS DO ANÚNCIO DA CRIAÇÃO DA AMP</span></h3>



<div class="wp-block-columns is-layout-flex wp-container-core-columns-is-layout-9d6595d7 wp-block-columns-is-layout-flex">
<div class="wp-block-column is-layout-flow wp-block-column-is-layout-flow">
<p>« Este janeiro constitue um momento importante na vida da psicanálise de orientação lacaniana : J.-A. Miller anunciou, em 3 de janeiro de 1992, à Buenos Aires, a criação da AMP. </p>



<p>É por esta razão que a presidente da AMP, Angelina Harari, e J.A. Miller consideram ser de grande importância celebrar essa data com a difusão deste vídeo (você pode ativar as legendas automáticas em espanhol, depois ir em parâmetros, clicar em “espanhol”, escolher “traduzir automaticamente” e “português”).</p>



<p>Melhores votos para 2022 ! » <br><em>Andrea Zelaya<br>Presidente da EOL</em></p>
</div>



<div class="wp-block-column is-layout-flow wp-block-column-is-layout-flow">
<figure class="wp-block-embed is-type-video is-provider-youtube wp-block-embed-youtube wp-embed-aspect-4-3 wp-has-aspect-ratio"><div class="wp-block-embed__wrapper">
<div class="nv-iframe-embed"><iframe loading="lazy" title="A 30 años de la fundación de la EOL. Anuncio por J.-A Miller de la creaciónde la AMP." width="1200" height="900" src="https://www.youtube.com/embed/U60UZTe9Pzk?feature=oembed" frameborder="0" allow="accelerometer; autoplay; clipboard-write; encrypted-media; gyroscope; picture-in-picture" allowfullscreen></iframe></div>
</div></figure>
</div>
</div>

<p>Por Angelina Harari, presidente da Associação Mundial de Psicanálise A AMP reúne sete Escolas, localizadas em diferentes países, em diferentes continentes. Caracterizada pela diversidade das línguas e dos estilos, ela é uma experiência translinguística que se propõe a manter viva a orientação lacaniana e a Psicanálise. Todos os seus membros têm, de fato, um ponto&hellip;&nbsp;<a href="https://www.grandesassisesamp2022.com/pt-br/acolhimento/o-que-e-a-amp/" class="" rel="bookmark">Read More &raquo;<span class="screen-reader-text">O que é a AMP ?</span></a></p>

<!-- This site is optimized with the Yoast SEO plugin v20.1 - https://yoast.com/wordpress/plugins/seo/ -->
<title>O que é a AMP ? - Grandes assises AMP 2022</title>
<meta name="robots" content="index, follow, max-snippet:-1, max-image-preview:large, max-video-preview:-1" />
<link rel="canonical" href="https://www.grandesassisesamp2022.com/pt-br/acolhimento/o-que-e-a-amp/" />
<meta property="og:locale" content="pt_BR" />
<meta property="og:type" content="article" />
<meta property="og:title" content="O que é a AMP ? - Grandes assises AMP 2022" />
<meta property="og:description" content="Por Angelina Harari, presidente da Associação Mundial de Psicanálise A AMP reúne sete Escolas, localizadas em diferentes países, em diferentes continentes. Caracterizada pela diversidade das línguas e dos estilos, ela é uma experiência translinguística que se propõe a manter viva a orientação lacaniana e a Psicanálise. Todos os seus membros têm, de fato, um ponto&hellip;&nbsp;Read More &raquo;O que é a AMP ?" />
<meta property="og:url" content="https://www.grandesassisesamp2022.com/pt-br/acolhimento/o-que-e-a-amp/" />
<meta property="og:site_name" content="Grandes assises AMP 2022" />
<meta property="article:modified_time" content="2022-01-15T08:46:51+00:00" />
<meta property="og:image" content="https://www.grandesassisesamp2022.com/wp-content/uploads/2021/04/nasa-Q1p7bh3SHj8-unsplash.jpg" />
	<meta property="og:image:width" content="1600" />
	<meta property="og:image:height" content="400" />
	<meta property="og:image:type" content="image/jpeg" />
<meta name="twitter:card" content="summary_large_image" />
<meta name="twitter:label1" content="Est. tempo de leitura" />
	<meta name="twitter:data1" content="2 minutos" />
<script type="application/ld+json" class="yoast-schema-graph">{"@context":"https://schema.org","@graph":[{"@type":"WebPage","@id":"https://www.grandesassisesamp2022.com/pt-br/acolhimento/o-que-e-a-amp/","url":"https://www.grandesassisesamp2022.com/pt-br/acolhimento/o-que-e-a-amp/","name":"O que é a AMP ? - Grandes assises AMP 2022","isPartOf":{"@id":"https://www.grandesassisesamp2022.com/#website"},"datePublished":"2021-04-16T08:27:52+00:00","dateModified":"2022-01-15T08:46:51+00:00","breadcrumb":{"@id":"https://www.grandesassisesamp2022.com/pt-br/acolhimento/o-que-e-a-amp/#breadcrumb"},"inLanguage":"pt-BR","potentialAction":[{"@type":"ReadAction","target":["https://www.grandesassisesamp2022.com/pt-br/acolhimento/o-que-e-a-amp/"]}]},{"@type":"BreadcrumbList","@id":"https://www.grandesassisesamp2022.com/pt-br/acolhimento/o-que-e-a-amp/#breadcrumb","itemListElement":[{"@type":"ListItem","position":1,"name":"Accueil","item":"https://www.grandesassisesamp2022.com/pt-br/"},{"@type":"ListItem","position":2,"name":"Acolhimento","item":"https://www.grandesassisesamp2022.com/pt-br/"},{"@type":"ListItem","position":3,"name":"O que é a AMP ?"}]},{"@type":"WebSite","@id":"https://www.grandesassisesamp2022.com/#website","url":"https://www.grandesassisesamp2022.com/","name":"Grandes assises AMP 2022","description":"Paris","potentialAction":[{"@type":"SearchAction","target":{"@type":"EntryPoint","urlTemplate":"https://www.grandesassisesamp2022.com/?s={search_term_string}"},"query-input":"required name=search_term_string"}],"inLanguage":"pt-BR"}]}</script>
<!-- / Yoast SEO plugin. -->

O que é a AMP ? - Grandes assises AMP 2022

Por Angelina Harari, presidente da Associação Mundial de Psicanálise A AMP reúne sete Escolas, localizadas em diferentes países, em diferentes continentes. Caracterizada pela diversidade das línguas e dos estilos, ela é uma experiência translinguística que se propõe a manter viva a orientação lacaniana e a Psicanálise. Todos os seus membros têm, de fato, um ponto&hellip;&nbsp;Read More &raquo;O que é a AMP ?
