{"id":6991,"date":"2021-04-16T10:27:29","date_gmt":"2021-04-16T08:27:29","guid":{"rendered":"https:\/\/www.grandesassisesamp2022.com\/accueil\/organograma\/"},"modified":"2021-05-28T17:01:48","modified_gmt":"2021-05-28T15:01:48","slug":"organograma","status":"publish","type":"page","link":"https:\/\/www.grandesassisesamp2022.com\/pt-br\/acolhimento\/organograma\/","title":{"rendered":"O time"},"content":{"rendered":"\n<p>Les Grandes Assises se pr\u00e9parent. Elles font appel \u00e0 une team nombreuse, bien d\u00e9cid\u00e9e \u00e0 faire de cet \u00e9v\u00e8nement une grande f\u00eate de la psychanalyse. Voici le d\u00e9tail de sa composition.<\/p>\n\n\n\n<p><div>&#13;\n<p class=\"Corps\"><b><span lang=\"PT-BR\">PRESIDENTE DA AMP<\/span><\/b><\/p>&#13;\n&#13;\n<\/div><\/p>\n\n\n\n<p>Angelina Harari<\/p>\n\n\n\n<p><div>&#13;\n<p class=\"Corps\"><b><span lang=\"PT-BR\">DIRE\u00c7\u00c3O DA GRANDE CONVERSA\u00c7\u00c3O<\/span><\/b><\/p>&#13;\n&#13;\n<\/div><\/p>\n\n\n\n<p>Directrice&nbsp;:&nbsp;Christiane Alberti<br>Directeurs-adjoints&nbsp;:&nbsp;Ana\u00eblle Lebovits-Quenehen et Laurent Dumoulin<\/p>\n\n\n\n<p><strong>CONSEIL SCIENTIFIQUE&nbsp;<\/strong><\/p>\n\n\n\n<p>Jacques-Alain Miller<br>Angelina Harari<\/p>\n\n\n\n<p><strong>CONSEILLERS SP\u00c9CIAUX&nbsp;<\/strong><\/p>\n\n\n\n<p>Silvia Baudini et Fabi\u00e1n Naparstek<\/p>\n\n\n\n<p><strong>COMMISSION d\u2019ORGANISATION&nbsp;<\/strong><\/p>\n\n\n\n<p>. Secr\u00e9tariat g\u00e9n\u00e9ral&nbsp;:&nbsp;Alice Delarue<br>. Tr\u00e9sorier&nbsp;:&nbsp;Jean-Philippe Parchliniak<br>. Correspondants&nbsp;: <br>Montserrat Puig (ELP), Martine Versel (ECF), Marina Frangiadaki (NLS), Alba Alfaro&nbsp;(NEL), Adele Succetti&nbsp;(SLP), Simone Souto (EBP), Marina Recalde (EOL)<br>. \u00c9quipe prospective&nbsp;:&nbsp;Fr\u00e9d\u00e9rique Bouvet<br>. Traduction \u2013 Communication : Marga Aur\u00e9<br>. Traduction \u2013 Grandes Assises&nbsp;:&nbsp;Virginie Leblanc<br>. Librairie&nbsp;:&nbsp;Pascale Fari<\/p>\n\n\n\n<p><strong>COMMISSION \u00c9PIST\u00c9MOLOGIQUE ET CLINIQUE <\/strong><\/p>\n\n\n\n<p>. <em>Scilicet&nbsp;<\/em>:&nbsp;cartels internationaux<br>. Bibliographie&nbsp;:&nbsp;Philippe Hellebois<\/p>\n\n\n\n<p><strong>COMMUNICATION&nbsp;ET DIFFUSION <\/strong><\/p>\n\n\n\n<p>. Page Web&nbsp;:&nbsp;Benoit Delarue<br>. R\u00e9seaux Sociaux&nbsp;:&nbsp;Jean-Fran\u00e7ois Cottes \/ Patricia Wartelle \/ Penelope Fay \/ France Jaigu<br>. Paris&nbsp;<em>pas-toute<\/em>&nbsp;:&nbsp;France Jaigu<br>. Concept et image&nbsp;:&nbsp;Laurence Martin<br>. Commission images&nbsp;:&nbsp; Cl\u00e9ment Marmoz \/ Thomas Kusmierzyk<br>. Coordination ACF : Martine Versel<br>. Institutions : Isabelle Magne \/ Pascale Rivals.<br>. Partenaires : Justine Fournier (Affiche) \u2013 Julien Moutaillier (Informatique)<\/p>\n","protected":false},"excerpt":{"rendered":"<p>Les Grandes Assises se pr\u00e9parent. Elles font appel \u00e0 une team nombreuse, bien d\u00e9cid\u00e9e \u00e0 faire de cet \u00e9v\u00e8nement une grande f\u00eate de la psychanalyse. Voici le d\u00e9tail de sa composition. &#13; PRESIDENTE DA AMP &#13; &#13; Angelina Harari &#13; DIRE\u00c7\u00c3O DA GRANDE CONVERSA\u00c7\u00c3O &#13; &#13; Directrice&nbsp;:&nbsp;Christiane AlbertiDirecteurs-adjoints&nbsp;:&nbsp;Ana\u00eblle Lebovits-Quenehen et Laurent Dumoulin CONSEIL SCIENTIFIQUE&nbsp; Jacques-Alain&hellip;&nbsp;<a href=\"https:\/\/www.grandesassisesamp2022.com\/pt-br\/acolhimento\/organograma\/\" class=\"\" rel=\"bookmark\">Read More &raquo;<span class=\"screen-reader-text\">O time<\/span><\/a><\/p>\n","protected":false},"author":1,"featured_media":6515,"parent":7569,"menu_order":2,"comment_status":"closed","ping_status":"closed","template":"","meta":{"neve_meta_sidebar":"full-width","neve_meta_container":"","neve_meta_enable_content_width":"","neve_meta_content_width":0,"neve_meta_title_alignment":"","neve_meta_author_avatar":"","neve_post_elements_order":"","neve_meta_disable_header":"","neve_meta_disable_footer":"","neve_meta_disable_title":"","footnotes":""},"class_list":["post-6991","page","type-page","status-publish","has-post-thumbnail","hentry"],"acf":[],"yoast_head":"<!-- This site is optimized with the Yoast SEO plugin v20.1 - https:\/\/yoast.com\/wordpress\/plugins\/seo\/ -->\n<title>O time - Grandes assises AMP 2022<\/title>\n<meta name=\"robots\" content=\"index, follow, max-snippet:-1, max-image-preview:large, max-video-preview:-1\" \/>\n<link rel=\"canonical\" href=\"https:\/\/www.grandesassisesamp2022.com\/pt-br\/acolhimento\/organograma\/\" \/>\n<meta property=\"og:locale\" content=\"pt_BR\" \/>\n<meta property=\"og:type\" content=\"article\" \/>\n<meta property=\"og:title\" content=\"O time - Grandes assises AMP 2022\" \/>\n<meta property=\"og:description\" content=\"Les Grandes Assises se pr\u00e9parent. Elles font appel \u00e0 une team nombreuse, bien d\u00e9cid\u00e9e \u00e0 faire de cet \u00e9v\u00e8nement une grande f\u00eate de la psychanalyse. Voici le d\u00e9tail de sa composition. &#013; PRESIDENTE DA AMP &#013; &#013; Angelina Harari &#013; DIRE\u00c7\u00c3O DA GRANDE CONVERSA\u00c7\u00c3O &#013; &#013; Directrice&nbsp;:&nbsp;Christiane AlbertiDirecteurs-adjoints&nbsp;:&nbsp;Ana\u00eblle Lebovits-Quenehen et Laurent Dumoulin CONSEIL SCIENTIFIQUE&nbsp; Jacques-Alain&hellip;&nbsp;Read More &raquo;O time\" \/>\n<meta property=\"og:url\" content=\"https:\/\/www.grandesassisesamp2022.com\/pt-br\/acolhimento\/organograma\/\" \/>\n<meta property=\"og:site_name\" content=\"Grandes assises AMP 2022\" \/>\n<meta property=\"article:modified_time\" content=\"2021-05-28T15:01:48+00:00\" \/>\n<meta property=\"og:image\" content=\"https:\/\/www.grandesassisesamp2022.com\/wp-content\/uploads\/2021\/04\/daniel-von-appen-4YmF6kHvees-unsplash-copie.jpg\" \/>\n\t<meta property=\"og:image:width\" content=\"1600\" \/>\n\t<meta property=\"og:image:height\" content=\"400\" \/>\n\t<meta property=\"og:image:type\" content=\"image\/jpeg\" \/>\n<meta name=\"twitter:card\" content=\"summary_large_image\" \/>\n<meta name=\"twitter:label1\" content=\"Est. tempo de leitura\" \/>\n\t<meta name=\"twitter:data1\" content=\"1 minuto\" \/>\n<script type=\"application\/ld+json\" class=\"yoast-schema-graph\">{\"@context\":\"https:\/\/schema.org\",\"@graph\":[{\"@type\":\"WebPage\",\"@id\":\"https:\/\/www.grandesassisesamp2022.com\/pt-br\/acolhimento\/organograma\/\",\"url\":\"https:\/\/www.grandesassisesamp2022.com\/pt-br\/acolhimento\/organograma\/\",\"name\":\"O time - Grandes assises AMP 2022\",\"isPartOf\":{\"@id\":\"https:\/\/www.grandesassisesamp2022.com\/#website\"},\"datePublished\":\"2021-04-16T08:27:29+00:00\",\"dateModified\":\"2021-05-28T15:01:48+00:00\",\"breadcrumb\":{\"@id\":\"https:\/\/www.grandesassisesamp2022.com\/pt-br\/acolhimento\/organograma\/#breadcrumb\"},\"inLanguage\":\"pt-BR\",\"potentialAction\":[{\"@type\":\"ReadAction\",\"target\":[\"https:\/\/www.grandesassisesamp2022.com\/pt-br\/acolhimento\/organograma\/\"]}]},{\"@type\":\"BreadcrumbList\",\"@id\":\"https:\/\/www.grandesassisesamp2022.com\/pt-br\/acolhimento\/organograma\/#breadcrumb\",\"itemListElement\":[{\"@type\":\"ListItem\",\"position\":1,\"name\":\"Accueil\",\"item\":\"https:\/\/www.grandesassisesamp2022.com\/pt-br\/\"},{\"@type\":\"ListItem\",\"position\":2,\"name\":\"Acolhimento\",\"item\":\"https:\/\/www.grandesassisesamp2022.com\/pt-br\/\"},{\"@type\":\"ListItem\",\"position\":3,\"name\":\"O time\"}]},{\"@type\":\"WebSite\",\"@id\":\"https:\/\/www.grandesassisesamp2022.com\/#website\",\"url\":\"https:\/\/www.grandesassisesamp2022.com\/\",\"name\":\"Grandes assises AMP 2022\",\"description\":\"Paris\",\"potentialAction\":[{\"@type\":\"SearchAction\",\"target\":{\"@type\":\"EntryPoint\",\"urlTemplate\":\"https:\/\/www.grandesassisesamp2022.com\/?s={search_term_string}\"},\"query-input\":\"required name=search_term_string\"}],\"inLanguage\":\"pt-BR\"}]}<\/script>\n<!-- \/ Yoast SEO plugin. -->","yoast_head_json":{"title":"O time - Grandes assises AMP 2022","robots":{"index":"index","follow":"follow","max-snippet":"max-snippet:-1","max-image-preview":"max-image-preview:large","max-video-preview":"max-video-preview:-1"},"canonical":"https:\/\/www.grandesassisesamp2022.com\/pt-br\/acolhimento\/organograma\/","og_locale":"pt_BR","og_type":"article","og_title":"O time - Grandes assises AMP 2022","og_description":"Les Grandes Assises se pr\u00e9parent. Elles font appel \u00e0 une team nombreuse, bien d\u00e9cid\u00e9e \u00e0 faire de cet \u00e9v\u00e8nement une grande f\u00eate de la psychanalyse. Voici le d\u00e9tail de sa composition. &#13; PRESIDENTE DA AMP &#13; &#13; Angelina Harari &#13; DIRE\u00c7\u00c3O DA GRANDE CONVERSA\u00c7\u00c3O &#13; &#13; Directrice&nbsp;:&nbsp;Christiane AlbertiDirecteurs-adjoints&nbsp;:&nbsp;Ana\u00eblle Lebovits-Quenehen et Laurent Dumoulin CONSEIL SCIENTIFIQUE&nbsp; Jacques-Alain&hellip;&nbsp;Read More &raquo;O time","og_url":"https:\/\/www.grandesassisesamp2022.com\/pt-br\/acolhimento\/organograma\/","og_site_name":"Grandes assises AMP 2022","article_modified_time":"2021-05-28T15:01:48+00:00","og_image":[{"width":1600,"height":400,"url":"https:\/\/www.grandesassisesamp2022.com\/wp-content\/uploads\/2021\/04\/daniel-von-appen-4YmF6kHvees-unsplash-copie.jpg","type":"image\/jpeg"}],"twitter_card":"summary_large_image","twitter_misc":{"Est. tempo de leitura":"1 minuto"},"schema":{"@context":"https:\/\/schema.org","@graph":[{"@type":"WebPage","@id":"https:\/\/www.grandesassisesamp2022.com\/pt-br\/acolhimento\/organograma\/","url":"https:\/\/www.grandesassisesamp2022.com\/pt-br\/acolhimento\/organograma\/","name":"O time - Grandes assises AMP 2022","isPartOf":{"@id":"https:\/\/www.grandesassisesamp2022.com\/#website"},"datePublished":"2021-04-16T08:27:29+00:00","dateModified":"2021-05-28T15:01:48+00:00","breadcrumb":{"@id":"https:\/\/www.grandesassisesamp2022.com\/pt-br\/acolhimento\/organograma\/#breadcrumb"},"inLanguage":"pt-BR","potentialAction":[{"@type":"ReadAction","target":["https:\/\/www.grandesassisesamp2022.com\/pt-br\/acolhimento\/organograma\/"]}]},{"@type":"BreadcrumbList","@id":"https:\/\/www.grandesassisesamp2022.com\/pt-br\/acolhimento\/organograma\/#breadcrumb","itemListElement":[{"@type":"ListItem","position":1,"name":"Accueil","item":"https:\/\/www.grandesassisesamp2022.com\/pt-br\/"},{"@type":"ListItem","position":2,"name":"Acolhimento","item":"https:\/\/www.grandesassisesamp2022.com\/pt-br\/"},{"@type":"ListItem","position":3,"name":"O time"}]},{"@type":"WebSite","@id":"https:\/\/www.grandesassisesamp2022.com\/#website","url":"https:\/\/www.grandesassisesamp2022.com\/","name":"Grandes assises AMP 2022","description":"Paris","potentialAction":[{"@type":"SearchAction","target":{"@type":"EntryPoint","urlTemplate":"https:\/\/www.grandesassisesamp2022.com\/?s={search_term_string}"},"query-input":"required name=search_term_string"}],"inLanguage":"pt-BR"}]}},"_links":{"self":[{"href":"https:\/\/www.grandesassisesamp2022.com\/pt-br\/wp-json\/wp\/v2\/pages\/6991","targetHints":{"allow":["GET"]}}],"collection":[{"href":"https:\/\/www.grandesassisesamp2022.com\/pt-br\/wp-json\/wp\/v2\/pages"}],"about":[{"href":"https:\/\/www.grandesassisesamp2022.com\/pt-br\/wp-json\/wp\/v2\/types\/page"}],"author":[{"embeddable":true,"href":"https:\/\/www.grandesassisesamp2022.com\/pt-br\/wp-json\/wp\/v2\/users\/1"}],"replies":[{"embeddable":true,"href":"https:\/\/www.grandesassisesamp2022.com\/pt-br\/wp-json\/wp\/v2\/comments?post=6991"}],"version-history":[{"count":30,"href":"https:\/\/www.grandesassisesamp2022.com\/pt-br\/wp-json\/wp\/v2\/pages\/6991\/revisions"}],"predecessor-version":[{"id":8857,"href":"https:\/\/www.grandesassisesamp2022.com\/pt-br\/wp-json\/wp\/v2\/pages\/6991\/revisions\/8857"}],"up":[{"embeddable":true,"href":"https:\/\/www.grandesassisesamp2022.com\/pt-br\/wp-json\/wp\/v2\/pages\/7569"}],"wp:featuredmedia":[{"embeddable":true,"href":"https:\/\/www.grandesassisesamp2022.com\/pt-br\/wp-json\/wp\/v2\/media\/6515"}],"wp:attachment":[{"href":"https:\/\/www.grandesassisesamp2022.com\/pt-br\/wp-json\/wp\/v2\/media?parent=6991"}],"curies":[{"name":"wp","href":"https:\/\/api.w.org\/{rel}","templated":true}]}}

<p>Les Grandes Assises se préparent. Elles font appel à une team nombreuse, bien décidée à faire de cet évènement une grande fête de la psychanalyse. Voici le détail de sa composition.</p>



<p><div>&#13;
<p class="Corps"><b><span lang="PT-BR">PRESIDENTE DA AMP</span></b></p>&#13;
&#13;
</div></p>



<p>Angelina Harari</p>



<p><div>&#13;
<p class="Corps"><b><span lang="PT-BR">DIREÇÃO DA GRANDE CONVERSAÇÃO</span></b></p>&#13;
&#13;
</div></p>



<p>Directrice&nbsp;:&nbsp;Christiane Alberti<br>Directeurs-adjoints&nbsp;:&nbsp;Anaëlle Lebovits-Quenehen et Laurent Dumoulin</p>



<p><strong>CONSEIL SCIENTIFIQUE&nbsp;</strong></p>



<p>Jacques-Alain Miller<br>Angelina Harari</p>



<p><strong>CONSEILLERS SPÉCIAUX&nbsp;</strong></p>



<p>Silvia Baudini et Fabián Naparstek</p>



<p><strong>COMMISSION d’ORGANISATION&nbsp;</strong></p>



<p>. Secrétariat général&nbsp;:&nbsp;Alice Delarue<br>. Trésorier&nbsp;:&nbsp;Jean-Philippe Parchliniak<br>. Correspondants&nbsp;: <br>Montserrat Puig (ELP), Martine Versel (ECF), Marina Frangiadaki (NLS), Alba Alfaro&nbsp;(NEL), Adele Succetti&nbsp;(SLP), Simone Souto (EBP), Marina Recalde (EOL)<br>. Équipe prospective&nbsp;:&nbsp;Frédérique Bouvet<br>. Traduction – Communication : Marga Auré<br>. Traduction – Grandes Assises&nbsp;:&nbsp;Virginie Leblanc<br>. Librairie&nbsp;:&nbsp;Pascale Fari</p>



<p><strong>COMMISSION ÉPISTÉMOLOGIQUE ET CLINIQUE </strong></p>



<p>. <em>Scilicet&nbsp;</em>:&nbsp;cartels internationaux<br>. Bibliographie&nbsp;:&nbsp;Philippe Hellebois</p>



<p><strong>COMMUNICATION&nbsp;ET DIFFUSION </strong></p>



<p>. Page Web&nbsp;:&nbsp;Benoit Delarue<br>. Réseaux Sociaux&nbsp;:&nbsp;Jean-François Cottes / Patricia Wartelle / Penelope Fay / France Jaigu<br>. Paris&nbsp;<em>pas-toute</em>&nbsp;:&nbsp;France Jaigu<br>. Concept et image&nbsp;:&nbsp;Laurence Martin<br>. Commission images&nbsp;:&nbsp; Clément Marmoz / Thomas Kusmierzyk<br>. Coordination ACF : Martine Versel<br>. Institutions : Isabelle Magne / Pascale Rivals.<br>. Partenaires : Justine Fournier (Affiche) – Julien Moutaillier (Informatique)</p>

<p>Les Grandes Assises se préparent. Elles font appel à une team nombreuse, bien décidée à faire de cet évènement une grande fête de la psychanalyse. Voici le détail de sa composition. &#13; PRESIDENTE DA AMP &#13; &#13; Angelina Harari &#13; DIREÇÃO DA GRANDE CONVERSAÇÃO &#13; &#13; Directrice&nbsp;:&nbsp;Christiane AlbertiDirecteurs-adjoints&nbsp;:&nbsp;Anaëlle Lebovits-Quenehen et Laurent Dumoulin CONSEIL SCIENTIFIQUE&nbsp; Jacques-Alain&hellip;&nbsp;<a href="https://www.grandesassisesamp2022.com/pt-br/acolhimento/organograma/" class="" rel="bookmark">Read More &raquo;<span class="screen-reader-text">O time</span></a></p>

<!-- This site is optimized with the Yoast SEO plugin v20.1 - https://yoast.com/wordpress/plugins/seo/ -->
<title>O time - Grandes assises AMP 2022</title>
<meta name="robots" content="index, follow, max-snippet:-1, max-image-preview:large, max-video-preview:-1" />
<link rel="canonical" href="https://www.grandesassisesamp2022.com/pt-br/acolhimento/organograma/" />
<meta property="og:locale" content="pt_BR" />
<meta property="og:type" content="article" />
<meta property="og:title" content="O time - Grandes assises AMP 2022" />
<meta property="og:description" content="Les Grandes Assises se préparent. Elles font appel à une team nombreuse, bien décidée à faire de cet évènement une grande fête de la psychanalyse. Voici le détail de sa composition. &#013; PRESIDENTE DA AMP &#013; &#013; Angelina Harari &#013; DIREÇÃO DA GRANDE CONVERSAÇÃO &#013; &#013; Directrice&nbsp;:&nbsp;Christiane AlbertiDirecteurs-adjoints&nbsp;:&nbsp;Anaëlle Lebovits-Quenehen et Laurent Dumoulin CONSEIL SCIENTIFIQUE&nbsp; Jacques-Alain&hellip;&nbsp;Read More &raquo;O time" />
<meta property="og:url" content="https://www.grandesassisesamp2022.com/pt-br/acolhimento/organograma/" />
<meta property="og:site_name" content="Grandes assises AMP 2022" />
<meta property="article:modified_time" content="2021-05-28T15:01:48+00:00" />
<meta property="og:image" content="https://www.grandesassisesamp2022.com/wp-content/uploads/2021/04/daniel-von-appen-4YmF6kHvees-unsplash-copie.jpg" />
	<meta property="og:image:width" content="1600" />
	<meta property="og:image:height" content="400" />
	<meta property="og:image:type" content="image/jpeg" />
<meta name="twitter:card" content="summary_large_image" />
<meta name="twitter:label1" content="Est. tempo de leitura" />
	<meta name="twitter:data1" content="1 minuto" />
<script type="application/ld+json" class="yoast-schema-graph">{"@context":"https://schema.org","@graph":[{"@type":"WebPage","@id":"https://www.grandesassisesamp2022.com/pt-br/acolhimento/organograma/","url":"https://www.grandesassisesamp2022.com/pt-br/acolhimento/organograma/","name":"O time - Grandes assises AMP 2022","isPartOf":{"@id":"https://www.grandesassisesamp2022.com/#website"},"datePublished":"2021-04-16T08:27:29+00:00","dateModified":"2021-05-28T15:01:48+00:00","breadcrumb":{"@id":"https://www.grandesassisesamp2022.com/pt-br/acolhimento/organograma/#breadcrumb"},"inLanguage":"pt-BR","potentialAction":[{"@type":"ReadAction","target":["https://www.grandesassisesamp2022.com/pt-br/acolhimento/organograma/"]}]},{"@type":"BreadcrumbList","@id":"https://www.grandesassisesamp2022.com/pt-br/acolhimento/organograma/#breadcrumb","itemListElement":[{"@type":"ListItem","position":1,"name":"Accueil","item":"https://www.grandesassisesamp2022.com/pt-br/"},{"@type":"ListItem","position":2,"name":"Acolhimento","item":"https://www.grandesassisesamp2022.com/pt-br/"},{"@type":"ListItem","position":3,"name":"O time"}]},{"@type":"WebSite","@id":"https://www.grandesassisesamp2022.com/#website","url":"https://www.grandesassisesamp2022.com/","name":"Grandes assises AMP 2022","description":"Paris","potentialAction":[{"@type":"SearchAction","target":{"@type":"EntryPoint","urlTemplate":"https://www.grandesassisesamp2022.com/?s={search_term_string}"},"query-input":"required name=search_term_string"}],"inLanguage":"pt-BR"}]}</script>
<!-- / Yoast SEO plugin. -->

Les Grandes Assises se préparent. Elles font appel à une team nombreuse, bien décidée à faire de cet évènement une grande fête de la psychanalyse. Voici le détail de sa composition. &#13; PRESIDENTE DA AMP &#13; &#13; Angelina Harari &#13; DIREÇÃO DA GRANDE CONVERSAÇÃO &#13; &#13; Directrice&nbsp;:&nbsp;Christiane AlbertiDirecteurs-adjoints&nbsp;:&nbsp;Anaëlle Lebovits-Quenehen et Laurent Dumoulin CONSEIL SCIENTIFIQUE&nbsp; Jacques-Alain&hellip;&nbsp;Read More &raquo;O time
