{"id":7007,"date":"2021-04-16T10:29:13","date_gmt":"2021-04-16T08:29:13","guid":{"rendered":"https:\/\/www.grandesassisesamp2022.com\/accueil\/organigramma\/"},"modified":"2021-05-31T21:47:03","modified_gmt":"2021-05-31T19:47:03","slug":"organigramma","status":"publish","type":"page","link":"https:\/\/www.grandesassisesamp2022.com\/it\/accoglienza\/organigramma\/","title":{"rendered":"Il team"},"content":{"rendered":"\n<p>Les Grandes Assises se pr\u00e9parent. Elles font appel \u00e0 une team nombreuse, bien d\u00e9cid\u00e9e \u00e0 faire de cet \u00e9v\u00e8nement une grande f\u00eate de la psychanalyse. Voici le d\u00e9tail de sa composition.<\/p>\n\n<p><strong>Presidente dell\u2019AMP<\/strong><\/p>\n\n<p>Angelina Harari<\/p>\n\n<p><strong>Direzione della Grande Conversazione<\/strong><\/p>\n\n<p>Direttrice : Christiane Alberti&#13;\nDirettori aggiunti : Ana\u00eblle Lebovits-Quenehen et Laurent Dumoulin<\/p>\n\n<p><strong>CONSEIL SCIENTIFIQUE <\/strong><\/p>\n\n<p>Jacques-Alain Miller&#13;\nAngelina Harari<\/p>\n\n<p><strong>CONSEILLERS SP\u00c9CIAUX <\/strong><\/p>\n\n<p>Silvia Baudini et Fabi\u00e1n Naparstek<\/p>\n\n<p><strong>COMMISSION d\u2019ORGANISATION <\/strong><\/p>\n\n<p>. Secr\u00e9tariat g\u00e9n\u00e9ral : Alice Delarue&#13;\n. Tesoriere : Jean-Philippe Parchliniak&#13;\n. Corrispondenti :&#13;\nMontserrat Puig (ELP), Martine Versel (ECF), Marina Frangiadaki (NLS), Alba Alfaro (NEL), Adele Succetti (SLP), Simone Souto (EBP), Marina Recalde (EOL)&#13;\n. Squadra futura : Fr\u00e9d\u00e9rique Bouvet&#13;\n. Traduzione-Comunicazione : Marga Aur\u00e9&#13;\n. Traduzione Grande Conversazione : Virginie Leblanc&#13;\n. Librairie : Pascale Fari<\/p>\n\n<p><strong>COMMISSION \u00c9PIST\u00c9MOLOGIQUE ET CLINIQUE <\/strong><\/p>\n\n<p>. <em>Scilicet <\/em>: cartels internationaux&#13;\n. Bibliografia : Philippe Hellebois<\/p>\n\n<p><strong>COMMUNICATION ET DIFFUSION <\/strong><\/p>\n\n<p>. P\u00e1gina web : Benoit Delarue&#13;\n. R\u00e9seaux Sociaux : Jean-Fran\u00e7ois Cottes \/ Patricia Wartelle \/ Penelope Fay \/ France Jaigu&#13;\n. Parigi, pas toute<em> : France Jaigu<\/em>&#13;\n. Concept et image : Laurence Martin&#13;\n. Commission images : Cl\u00e9ment Marmoz \/ Thomas Kusmierzyk&#13;\n. Coordination ACF : Martine Versel&#13;\n. Institutions : Isabelle Magne \/ Pascale Rivals.&#13;\n. Partenaires : Justine Fournier (Affiche) \u2013 Julien Moutaillier (Informatique)<\/p>\n","protected":false},"excerpt":{"rendered":"<p>Les Grandes Assises se pr\u00e9parent. Elles font appel \u00e0 une team nombreuse, bien d\u00e9cid\u00e9e \u00e0 faire de cet \u00e9v\u00e8nement une grande f\u00eate de la psychanalyse. Voici le d\u00e9tail de sa composition. Presidente dell\u2019AMP Angelina Harari Direzione della Grande Conversazione Direttrice : Christiane Alberti&#13; Direttori aggiunti : Ana\u00eblle Lebovits-Quenehen et Laurent Dumoulin CONSEIL SCIENTIFIQUE Jacques-Alain Miller&#13;&hellip;&nbsp;<a href=\"https:\/\/www.grandesassisesamp2022.com\/it\/accoglienza\/organigramma\/\" class=\"\" rel=\"bookmark\">Read More &raquo;<span class=\"screen-reader-text\">Il team<\/span><\/a><\/p>\n","protected":false},"author":1,"featured_media":6514,"parent":7567,"menu_order":2,"comment_status":"closed","ping_status":"closed","template":"","meta":{"neve_meta_sidebar":"full-width","neve_meta_container":"","neve_meta_enable_content_width":"","neve_meta_content_width":0,"neve_meta_title_alignment":"","neve_meta_author_avatar":"","neve_post_elements_order":"","neve_meta_disable_header":"","neve_meta_disable_footer":"","neve_meta_disable_title":"","footnotes":""},"class_list":["post-7007","page","type-page","status-publish","has-post-thumbnail","hentry"],"acf":[],"yoast_head":"<!-- This site is optimized with the Yoast SEO plugin v20.1 - https:\/\/yoast.com\/wordpress\/plugins\/seo\/ -->\n<title>Il team - Grandes assises AMP 2022<\/title>\n<meta name=\"robots\" content=\"index, follow, max-snippet:-1, max-image-preview:large, max-video-preview:-1\" \/>\n<link rel=\"canonical\" href=\"https:\/\/www.grandesassisesamp2022.com\/it\/accoglienza\/organigramma\/\" \/>\n<meta property=\"og:locale\" content=\"it_IT\" \/>\n<meta property=\"og:type\" content=\"article\" \/>\n<meta property=\"og:title\" content=\"Il team - Grandes assises AMP 2022\" \/>\n<meta property=\"og:description\" content=\"Les Grandes Assises se pr\u00e9parent. Elles font appel \u00e0 une team nombreuse, bien d\u00e9cid\u00e9e \u00e0 faire de cet \u00e9v\u00e8nement une grande f\u00eate de la psychanalyse. Voici le d\u00e9tail de sa composition. Presidente dell\u2019AMP Angelina Harari Direzione della Grande Conversazione Direttrice : Christiane Alberti&#013; Direttori aggiunti : Ana\u00eblle Lebovits-Quenehen et Laurent Dumoulin CONSEIL SCIENTIFIQUE Jacques-Alain Miller&#013;&hellip;&nbsp;Read More &raquo;Il team\" \/>\n<meta property=\"og:url\" content=\"https:\/\/www.grandesassisesamp2022.com\/it\/accoglienza\/organigramma\/\" \/>\n<meta property=\"og:site_name\" content=\"Grandes assises AMP 2022\" \/>\n<meta property=\"article:modified_time\" content=\"2021-05-31T19:47:03+00:00\" \/>\n<meta property=\"og:image\" content=\"https:\/\/www.grandesassisesamp2022.com\/wp-content\/uploads\/2021\/04\/daniel-von-appen-4YmF6kHvees-unsplash-copie.jpg\" \/>\n\t<meta property=\"og:image:width\" content=\"1600\" \/>\n\t<meta property=\"og:image:height\" content=\"400\" \/>\n\t<meta property=\"og:image:type\" content=\"image\/jpeg\" \/>\n<meta name=\"twitter:card\" content=\"summary_large_image\" \/>\n<meta name=\"twitter:label1\" content=\"Tempo di lettura stimato\" \/>\n\t<meta name=\"twitter:data1\" content=\"1 minuto\" \/>\n<script type=\"application\/ld+json\" class=\"yoast-schema-graph\">{\"@context\":\"https:\/\/schema.org\",\"@graph\":[{\"@type\":\"WebPage\",\"@id\":\"https:\/\/www.grandesassisesamp2022.com\/it\/accoglienza\/organigramma\/\",\"url\":\"https:\/\/www.grandesassisesamp2022.com\/it\/accoglienza\/organigramma\/\",\"name\":\"Il team - Grandes assises AMP 2022\",\"isPartOf\":{\"@id\":\"https:\/\/www.grandesassisesamp2022.com\/#website\"},\"datePublished\":\"2021-04-16T08:29:13+00:00\",\"dateModified\":\"2021-05-31T19:47:03+00:00\",\"breadcrumb\":{\"@id\":\"https:\/\/www.grandesassisesamp2022.com\/it\/accoglienza\/organigramma\/#breadcrumb\"},\"inLanguage\":\"it-IT\",\"potentialAction\":[{\"@type\":\"ReadAction\",\"target\":[\"https:\/\/www.grandesassisesamp2022.com\/it\/accoglienza\/organigramma\/\"]}]},{\"@type\":\"BreadcrumbList\",\"@id\":\"https:\/\/www.grandesassisesamp2022.com\/it\/accoglienza\/organigramma\/#breadcrumb\",\"itemListElement\":[{\"@type\":\"ListItem\",\"position\":1,\"name\":\"Accueil\",\"item\":\"https:\/\/www.grandesassisesamp2022.com\/it\/\"},{\"@type\":\"ListItem\",\"position\":2,\"name\":\"Accoglienza\",\"item\":\"https:\/\/www.grandesassisesamp2022.com\/it\/\"},{\"@type\":\"ListItem\",\"position\":3,\"name\":\"Il team\"}]},{\"@type\":\"WebSite\",\"@id\":\"https:\/\/www.grandesassisesamp2022.com\/#website\",\"url\":\"https:\/\/www.grandesassisesamp2022.com\/\",\"name\":\"Grandes assises AMP 2022\",\"description\":\"Paris\",\"potentialAction\":[{\"@type\":\"SearchAction\",\"target\":{\"@type\":\"EntryPoint\",\"urlTemplate\":\"https:\/\/www.grandesassisesamp2022.com\/?s={search_term_string}\"},\"query-input\":\"required name=search_term_string\"}],\"inLanguage\":\"it-IT\"}]}<\/script>\n<!-- \/ Yoast SEO plugin. -->","yoast_head_json":{"title":"Il team - Grandes assises AMP 2022","robots":{"index":"index","follow":"follow","max-snippet":"max-snippet:-1","max-image-preview":"max-image-preview:large","max-video-preview":"max-video-preview:-1"},"canonical":"https:\/\/www.grandesassisesamp2022.com\/it\/accoglienza\/organigramma\/","og_locale":"it_IT","og_type":"article","og_title":"Il team - Grandes assises AMP 2022","og_description":"Les Grandes Assises se pr\u00e9parent. Elles font appel \u00e0 une team nombreuse, bien d\u00e9cid\u00e9e \u00e0 faire de cet \u00e9v\u00e8nement une grande f\u00eate de la psychanalyse. Voici le d\u00e9tail de sa composition. Presidente dell\u2019AMP Angelina Harari Direzione della Grande Conversazione Direttrice : Christiane Alberti&#13; Direttori aggiunti : Ana\u00eblle Lebovits-Quenehen et Laurent Dumoulin CONSEIL SCIENTIFIQUE Jacques-Alain Miller&#13;&hellip;&nbsp;Read More &raquo;Il team","og_url":"https:\/\/www.grandesassisesamp2022.com\/it\/accoglienza\/organigramma\/","og_site_name":"Grandes assises AMP 2022","article_modified_time":"2021-05-31T19:47:03+00:00","og_image":[{"width":1600,"height":400,"url":"https:\/\/www.grandesassisesamp2022.com\/wp-content\/uploads\/2021\/04\/daniel-von-appen-4YmF6kHvees-unsplash-copie.jpg","type":"image\/jpeg"}],"twitter_card":"summary_large_image","twitter_misc":{"Tempo di lettura stimato":"1 minuto"},"schema":{"@context":"https:\/\/schema.org","@graph":[{"@type":"WebPage","@id":"https:\/\/www.grandesassisesamp2022.com\/it\/accoglienza\/organigramma\/","url":"https:\/\/www.grandesassisesamp2022.com\/it\/accoglienza\/organigramma\/","name":"Il team - Grandes assises AMP 2022","isPartOf":{"@id":"https:\/\/www.grandesassisesamp2022.com\/#website"},"datePublished":"2021-04-16T08:29:13+00:00","dateModified":"2021-05-31T19:47:03+00:00","breadcrumb":{"@id":"https:\/\/www.grandesassisesamp2022.com\/it\/accoglienza\/organigramma\/#breadcrumb"},"inLanguage":"it-IT","potentialAction":[{"@type":"ReadAction","target":["https:\/\/www.grandesassisesamp2022.com\/it\/accoglienza\/organigramma\/"]}]},{"@type":"BreadcrumbList","@id":"https:\/\/www.grandesassisesamp2022.com\/it\/accoglienza\/organigramma\/#breadcrumb","itemListElement":[{"@type":"ListItem","position":1,"name":"Accueil","item":"https:\/\/www.grandesassisesamp2022.com\/it\/"},{"@type":"ListItem","position":2,"name":"Accoglienza","item":"https:\/\/www.grandesassisesamp2022.com\/it\/"},{"@type":"ListItem","position":3,"name":"Il team"}]},{"@type":"WebSite","@id":"https:\/\/www.grandesassisesamp2022.com\/#website","url":"https:\/\/www.grandesassisesamp2022.com\/","name":"Grandes assises AMP 2022","description":"Paris","potentialAction":[{"@type":"SearchAction","target":{"@type":"EntryPoint","urlTemplate":"https:\/\/www.grandesassisesamp2022.com\/?s={search_term_string}"},"query-input":"required name=search_term_string"}],"inLanguage":"it-IT"}]}},"_links":{"self":[{"href":"https:\/\/www.grandesassisesamp2022.com\/it\/wp-json\/wp\/v2\/pages\/7007","targetHints":{"allow":["GET"]}}],"collection":[{"href":"https:\/\/www.grandesassisesamp2022.com\/it\/wp-json\/wp\/v2\/pages"}],"about":[{"href":"https:\/\/www.grandesassisesamp2022.com\/it\/wp-json\/wp\/v2\/types\/page"}],"author":[{"embeddable":true,"href":"https:\/\/www.grandesassisesamp2022.com\/it\/wp-json\/wp\/v2\/users\/1"}],"replies":[{"embeddable":true,"href":"https:\/\/www.grandesassisesamp2022.com\/it\/wp-json\/wp\/v2\/comments?post=7007"}],"version-history":[{"count":45,"href":"https:\/\/www.grandesassisesamp2022.com\/it\/wp-json\/wp\/v2\/pages\/7007\/revisions"}],"predecessor-version":[{"id":8941,"href":"https:\/\/www.grandesassisesamp2022.com\/it\/wp-json\/wp\/v2\/pages\/7007\/revisions\/8941"}],"up":[{"embeddable":true,"href":"https:\/\/www.grandesassisesamp2022.com\/it\/wp-json\/wp\/v2\/pages\/7567"}],"wp:featuredmedia":[{"embeddable":true,"href":"https:\/\/www.grandesassisesamp2022.com\/it\/wp-json\/wp\/v2\/media\/6514"}],"wp:attachment":[{"href":"https:\/\/www.grandesassisesamp2022.com\/it\/wp-json\/wp\/v2\/media?parent=7007"}],"curies":[{"name":"wp","href":"https:\/\/api.w.org\/{rel}","templated":true}]}}

<p>Les Grandes Assises se préparent. Elles font appel à une team nombreuse, bien décidée à faire de cet évènement une grande fête de la psychanalyse. Voici le détail de sa composition.</p>

<p><strong>Presidente dell’AMP</strong></p>

<p>Angelina Harari</p>

<p><strong>Direzione della Grande Conversazione</strong></p>

<p>Direttrice : Christiane Alberti&#13;
Direttori aggiunti : Anaëlle Lebovits-Quenehen et Laurent Dumoulin</p>

<p><strong>CONSEIL SCIENTIFIQUE </strong></p>

<p>Jacques-Alain Miller&#13;
Angelina Harari</p>

<p><strong>CONSEILLERS SPÉCIAUX </strong></p>

<p>Silvia Baudini et Fabián Naparstek</p>

<p><strong>COMMISSION d’ORGANISATION </strong></p>

<p>. Secrétariat général : Alice Delarue&#13;
. Tesoriere : Jean-Philippe Parchliniak&#13;
. Corrispondenti :&#13;
Montserrat Puig (ELP), Martine Versel (ECF), Marina Frangiadaki (NLS), Alba Alfaro (NEL), Adele Succetti (SLP), Simone Souto (EBP), Marina Recalde (EOL)&#13;
. Squadra futura : Frédérique Bouvet&#13;
. Traduzione-Comunicazione : Marga Auré&#13;
. Traduzione Grande Conversazione : Virginie Leblanc&#13;
. Librairie : Pascale Fari</p>

<p><strong>COMMISSION ÉPISTÉMOLOGIQUE ET CLINIQUE </strong></p>

<p>. <em>Scilicet </em>: cartels internationaux&#13;
. Bibliografia : Philippe Hellebois</p>

<p><strong>COMMUNICATION ET DIFFUSION </strong></p>

<p>. Página web : Benoit Delarue&#13;
. Réseaux Sociaux : Jean-François Cottes / Patricia Wartelle / Penelope Fay / France Jaigu&#13;
. Parigi, pas toute<em> : France Jaigu</em>&#13;
. Concept et image : Laurence Martin&#13;
. Commission images : Clément Marmoz / Thomas Kusmierzyk&#13;
. Coordination ACF : Martine Versel&#13;
. Institutions : Isabelle Magne / Pascale Rivals.&#13;
. Partenaires : Justine Fournier (Affiche) – Julien Moutaillier (Informatique)</p>

<p>Les Grandes Assises se préparent. Elles font appel à une team nombreuse, bien décidée à faire de cet évènement une grande fête de la psychanalyse. Voici le détail de sa composition. Presidente dell’AMP Angelina Harari Direzione della Grande Conversazione Direttrice : Christiane Alberti&#13; Direttori aggiunti : Anaëlle Lebovits-Quenehen et Laurent Dumoulin CONSEIL SCIENTIFIQUE Jacques-Alain Miller&#13;&hellip;&nbsp;<a href="https://www.grandesassisesamp2022.com/it/accoglienza/organigramma/" class="" rel="bookmark">Read More &raquo;<span class="screen-reader-text">Il team</span></a></p>

<!-- This site is optimized with the Yoast SEO plugin v20.1 - https://yoast.com/wordpress/plugins/seo/ -->
<title>Il team - Grandes assises AMP 2022</title>
<meta name="robots" content="index, follow, max-snippet:-1, max-image-preview:large, max-video-preview:-1" />
<link rel="canonical" href="https://www.grandesassisesamp2022.com/it/accoglienza/organigramma/" />
<meta property="og:locale" content="it_IT" />
<meta property="og:type" content="article" />
<meta property="og:title" content="Il team - Grandes assises AMP 2022" />
<meta property="og:description" content="Les Grandes Assises se préparent. Elles font appel à une team nombreuse, bien décidée à faire de cet évènement une grande fête de la psychanalyse. Voici le détail de sa composition. Presidente dell’AMP Angelina Harari Direzione della Grande Conversazione Direttrice : Christiane Alberti&#013; Direttori aggiunti : Anaëlle Lebovits-Quenehen et Laurent Dumoulin CONSEIL SCIENTIFIQUE Jacques-Alain Miller&#013;&hellip;&nbsp;Read More &raquo;Il team" />
<meta property="og:url" content="https://www.grandesassisesamp2022.com/it/accoglienza/organigramma/" />
<meta property="og:site_name" content="Grandes assises AMP 2022" />
<meta property="article:modified_time" content="2021-05-31T19:47:03+00:00" />
<meta property="og:image" content="https://www.grandesassisesamp2022.com/wp-content/uploads/2021/04/daniel-von-appen-4YmF6kHvees-unsplash-copie.jpg" />
	<meta property="og:image:width" content="1600" />
	<meta property="og:image:height" content="400" />
	<meta property="og:image:type" content="image/jpeg" />
<meta name="twitter:card" content="summary_large_image" />
<meta name="twitter:label1" content="Tempo di lettura stimato" />
	<meta name="twitter:data1" content="1 minuto" />
<script type="application/ld+json" class="yoast-schema-graph">{"@context":"https://schema.org","@graph":[{"@type":"WebPage","@id":"https://www.grandesassisesamp2022.com/it/accoglienza/organigramma/","url":"https://www.grandesassisesamp2022.com/it/accoglienza/organigramma/","name":"Il team - Grandes assises AMP 2022","isPartOf":{"@id":"https://www.grandesassisesamp2022.com/#website"},"datePublished":"2021-04-16T08:29:13+00:00","dateModified":"2021-05-31T19:47:03+00:00","breadcrumb":{"@id":"https://www.grandesassisesamp2022.com/it/accoglienza/organigramma/#breadcrumb"},"inLanguage":"it-IT","potentialAction":[{"@type":"ReadAction","target":["https://www.grandesassisesamp2022.com/it/accoglienza/organigramma/"]}]},{"@type":"BreadcrumbList","@id":"https://www.grandesassisesamp2022.com/it/accoglienza/organigramma/#breadcrumb","itemListElement":[{"@type":"ListItem","position":1,"name":"Accueil","item":"https://www.grandesassisesamp2022.com/it/"},{"@type":"ListItem","position":2,"name":"Accoglienza","item":"https://www.grandesassisesamp2022.com/it/"},{"@type":"ListItem","position":3,"name":"Il team"}]},{"@type":"WebSite","@id":"https://www.grandesassisesamp2022.com/#website","url":"https://www.grandesassisesamp2022.com/","name":"Grandes assises AMP 2022","description":"Paris","potentialAction":[{"@type":"SearchAction","target":{"@type":"EntryPoint","urlTemplate":"https://www.grandesassisesamp2022.com/?s={search_term_string}"},"query-input":"required name=search_term_string"}],"inLanguage":"it-IT"}]}</script>
<!-- / Yoast SEO plugin. -->

Les Grandes Assises se préparent. Elles font appel à une team nombreuse, bien décidée à faire de cet évènement une grande fête de la psychanalyse. Voici le détail de sa composition. Presidente dell’AMP Angelina Harari Direzione della Grande Conversazione Direttrice : Christiane Alberti&#13; Direttori aggiunti : Anaëlle Lebovits-Quenehen et Laurent Dumoulin CONSEIL SCIENTIFIQUE Jacques-Alain Miller&#13;&hellip;&nbsp;Read More &raquo;Il team
