{"id":7025,"date":"2021-04-16T10:31:33","date_gmt":"2021-04-16T08:31:33","guid":{"rendered":"https:\/\/www.grandesassisesamp2022.com\/accueil\/que-es-la-amp\/"},"modified":"2022-01-15T09:23:35","modified_gmt":"2022-01-15T08:23:35","slug":"que-es-la-amp","status":"publish","type":"page","link":"https:\/\/www.grandesassisesamp2022.com\/es\/acogida\/que-es-la-amp\/","title":{"rendered":"\u00bfQu\u00e9 es la amp?"},"content":{"rendered":"<p class=\"p1\">Por Angelina Harari, presidenta de la Asociaci\u00f3n Mundial de Psicoan\u00e1lisis<\/p>\n<p>La AMP re\u00fane siete Escuelas, situadas en diferentes pa\u00edses y en diferentes continentes. Caracterizada por una diversidad de idiomas y de estilos, es una experiencia translig\u00fc\u00edstica que pretende mantener viva la orientaci\u00f3n lacaniana y el Psicoan\u00e1lisis. Todos sus miembros poseen en efecto un punto en com\u00fan: sus referencias te\u00f3ricas, su preocupaci\u00f3n por la formaci\u00f3n del analista, su manera de practicar el psicoan\u00e1lisis, su doctrina sobre el final del an\u00e1lisis. Sus miembros, que viven en ambientes sociales y culturales diferentes, sienten, uno por uno, formar una Escuela UNA, compartiendo su destino, compartiendo como destino: el psicoan\u00e1lisis.<\/p>\n<p>La existencia de la AMP es una consecuencia de la ense\u00f1anza de Jacques Lacan, tal como se propag\u00f3 fuera de Francia. J.-A. Miller lo puso de relieve al constatar la llegada de numerosos colegas argentinos al Seminario de Caracas, en 1980, en torno a la ense\u00f1anza de Jacques Lacan, una primicia en Am\u00e9rica Latina. Es as\u00ed que, desde su nacimiento en 1981, el sujeto Escuela de la Causa Freudiana consideraba ya el mundo m\u00e1s all\u00e1 de sus fronteras. Un jal\u00f3n crucial fue la creaci\u00f3n de la AMP por J.-A. Miller en 1992. Ocho a\u00f1os m\u00e1s tarde, el significante \u201cEscuela Una\u201d vino a poner un punto de capit\u00f3n a\u00a0\u00a0la particularidad de la AMP, es decir su extimidad. Ella es la Una que re\u00fane las Escuelas m\u00e1s all\u00e1 de sus diferencias y su diversidad.<\/p>\n\n\n<div class=\"wp-block-image\"><figure class=\"aligncenter size-full\"><img loading=\"lazy\" decoding=\"async\" width=\"171\" height=\"207\" src=\"https:\/\/www.grandesassisesamp2022.com\/wp-content\/uploads\/2022\/01\/image.jpeg\" alt=\"\" class=\"wp-image-11511\"\/><\/figure><\/div>\n\n\n\n<h3 class=\"wp-block-heading\"><span class=\"has-inline-color has-neve-link-color-color\">3 DE ENERO DE 2022 &#8211; 30 A\u00d1OS DEL ANUNCIO DE LA CREACI\u00d3N DE LA AMP<\/span><\/h3>\n\n\n\n<div class=\"wp-block-columns is-layout-flex wp-container-core-columns-is-layout-9d6595d7 wp-block-columns-is-layout-flex\">\n<div class=\"wp-block-column is-layout-flow wp-block-column-is-layout-flow\">\n<p>\u00ab \u00a0Este mes de enero constituye un momento importante en la vida del psicoan\u00e1lisis de la Orientaci\u00f3n Lacaniana: en efectio, el 3 de enero de 1992, J.-A. Miller anunci\u00f3, en Buenos Aires, la creaci\u00f3n de la AMP.\u00a0<br>Por este motivo, la presidenta de la AMP, Angelina Harari, y J.-A. Miller consideraron muy importante celebrar esta fecha con la difusi\u00f3n de este vid\u00e9o.\u00a1Nuestros mejores deseos para el 2022!<\/p>\n\n\n\n<p>Atentamente, \u00bb<br><em>Andrea Zelaya<br><em>Presidente de la EOL<\/em><\/em><\/p>\n<\/div>\n\n\n\n<div class=\"wp-block-column is-layout-flow wp-block-column-is-layout-flow\">\n<figure class=\"wp-block-embed is-type-video is-provider-youtube wp-block-embed-youtube wp-embed-aspect-4-3 wp-has-aspect-ratio\"><div class=\"wp-block-embed__wrapper\">\n<div class=\"nv-iframe-embed\"><iframe loading=\"lazy\" title=\"A 30 a\u00f1os de la fundaci\u00f3n de la EOL. Anuncio por J.-A Miller de la creaci\u00f3nde la AMP.\" width=\"1200\" height=\"900\" src=\"https:\/\/www.youtube.com\/embed\/U60UZTe9Pzk?feature=oembed\" frameborder=\"0\" allow=\"accelerometer; autoplay; clipboard-write; encrypted-media; gyroscope; picture-in-picture\" allowfullscreen><\/iframe><\/div>\n<\/div><\/figure>\n<\/div>\n<\/div>\n","protected":false},"excerpt":{"rendered":"<p>Por Angelina Harari, presidenta de la Asociaci\u00f3n Mundial de Psicoan\u00e1lisis La AMP re\u00fane siete Escuelas, situadas en diferentes pa\u00edses y en diferentes continentes. Caracterizada por una diversidad de idiomas y de estilos, es una experiencia translig\u00fc\u00edstica que pretende mantener viva la orientaci\u00f3n lacaniana y el Psicoan\u00e1lisis. Todos sus miembros poseen en efecto un punto en&hellip;&nbsp;<a href=\"https:\/\/www.grandesassisesamp2022.com\/es\/acogida\/que-es-la-amp\/\" class=\"\" rel=\"bookmark\">Read More &raquo;<span class=\"screen-reader-text\">\u00bfQu\u00e9 es la amp?<\/span><\/a><\/p>\n","protected":false},"author":13,"featured_media":6551,"parent":7573,"menu_order":4,"comment_status":"closed","ping_status":"closed","template":"","meta":{"neve_meta_sidebar":"full-width","neve_meta_container":"","neve_meta_enable_content_width":"","neve_meta_content_width":0,"neve_meta_title_alignment":"","neve_meta_author_avatar":"","neve_post_elements_order":"","neve_meta_disable_header":"","neve_meta_disable_footer":"","neve_meta_disable_title":"off","footnotes":""},"class_list":["post-7025","page","type-page","status-publish","has-post-thumbnail","hentry"],"acf":[],"yoast_head":"<!-- This site is optimized with the Yoast SEO plugin v20.1 - https:\/\/yoast.com\/wordpress\/plugins\/seo\/ -->\n<title>\u00bfQu\u00e9 es la amp? - Grandes assises AMP 2022<\/title>\n<meta name=\"robots\" content=\"index, follow, max-snippet:-1, max-image-preview:large, max-video-preview:-1\" \/>\n<link rel=\"canonical\" href=\"https:\/\/www.grandesassisesamp2022.com\/es\/acogida\/que-es-la-amp\/\" \/>\n<meta property=\"og:locale\" content=\"es_ES\" \/>\n<meta property=\"og:type\" content=\"article\" \/>\n<meta property=\"og:title\" content=\"\u00bfQu\u00e9 es la amp? - Grandes assises AMP 2022\" \/>\n<meta property=\"og:description\" content=\"Por Angelina Harari, presidenta de la Asociaci\u00f3n Mundial de Psicoan\u00e1lisis La AMP re\u00fane siete Escuelas, situadas en diferentes pa\u00edses y en diferentes continentes. Caracterizada por una diversidad de idiomas y de estilos, es una experiencia translig\u00fc\u00edstica que pretende mantener viva la orientaci\u00f3n lacaniana y el Psicoan\u00e1lisis. Todos sus miembros poseen en efecto un punto en&hellip;&nbsp;Read More &raquo;\u00bfQu\u00e9 es la amp?\" \/>\n<meta property=\"og:url\" content=\"https:\/\/www.grandesassisesamp2022.com\/es\/acogida\/que-es-la-amp\/\" \/>\n<meta property=\"og:site_name\" content=\"Grandes assises AMP 2022\" \/>\n<meta property=\"article:modified_time\" content=\"2022-01-15T08:23:35+00:00\" \/>\n<meta property=\"og:image\" content=\"https:\/\/www.grandesassisesamp2022.com\/wp-content\/uploads\/2021\/04\/nasa-Q1p7bh3SHj8-unsplash.jpg\" \/>\n\t<meta property=\"og:image:width\" content=\"1600\" \/>\n\t<meta property=\"og:image:height\" content=\"400\" \/>\n\t<meta property=\"og:image:type\" content=\"image\/jpeg\" \/>\n<meta name=\"twitter:card\" content=\"summary_large_image\" \/>\n<meta name=\"twitter:label1\" content=\"Tiempo de lectura\" \/>\n\t<meta name=\"twitter:data1\" content=\"2 minutos\" \/>\n<script type=\"application\/ld+json\" class=\"yoast-schema-graph\">{\"@context\":\"https:\/\/schema.org\",\"@graph\":[{\"@type\":\"WebPage\",\"@id\":\"https:\/\/www.grandesassisesamp2022.com\/es\/acogida\/que-es-la-amp\/\",\"url\":\"https:\/\/www.grandesassisesamp2022.com\/es\/acogida\/que-es-la-amp\/\",\"name\":\"\u00bfQu\u00e9 es la amp? - Grandes assises AMP 2022\",\"isPartOf\":{\"@id\":\"https:\/\/www.grandesassisesamp2022.com\/#website\"},\"datePublished\":\"2021-04-16T08:31:33+00:00\",\"dateModified\":\"2022-01-15T08:23:35+00:00\",\"breadcrumb\":{\"@id\":\"https:\/\/www.grandesassisesamp2022.com\/es\/acogida\/que-es-la-amp\/#breadcrumb\"},\"inLanguage\":\"es\",\"potentialAction\":[{\"@type\":\"ReadAction\",\"target\":[\"https:\/\/www.grandesassisesamp2022.com\/es\/acogida\/que-es-la-amp\/\"]}]},{\"@type\":\"BreadcrumbList\",\"@id\":\"https:\/\/www.grandesassisesamp2022.com\/es\/acogida\/que-es-la-amp\/#breadcrumb\",\"itemListElement\":[{\"@type\":\"ListItem\",\"position\":1,\"name\":\"Accueil\",\"item\":\"https:\/\/www.grandesassisesamp2022.com\/es\/\"},{\"@type\":\"ListItem\",\"position\":2,\"name\":\"Acogida\",\"item\":\"https:\/\/www.grandesassisesamp2022.com\/es\/\"},{\"@type\":\"ListItem\",\"position\":3,\"name\":\"\u00bfQu\u00e9 es la amp?\"}]},{\"@type\":\"WebSite\",\"@id\":\"https:\/\/www.grandesassisesamp2022.com\/#website\",\"url\":\"https:\/\/www.grandesassisesamp2022.com\/\",\"name\":\"Grandes assises AMP 2022\",\"description\":\"Paris\",\"potentialAction\":[{\"@type\":\"SearchAction\",\"target\":{\"@type\":\"EntryPoint\",\"urlTemplate\":\"https:\/\/www.grandesassisesamp2022.com\/?s={search_term_string}\"},\"query-input\":\"required name=search_term_string\"}],\"inLanguage\":\"es\"}]}<\/script>\n<!-- \/ Yoast SEO plugin. -->","yoast_head_json":{"title":"\u00bfQu\u00e9 es la amp? - Grandes assises AMP 2022","robots":{"index":"index","follow":"follow","max-snippet":"max-snippet:-1","max-image-preview":"max-image-preview:large","max-video-preview":"max-video-preview:-1"},"canonical":"https:\/\/www.grandesassisesamp2022.com\/es\/acogida\/que-es-la-amp\/","og_locale":"es_ES","og_type":"article","og_title":"\u00bfQu\u00e9 es la amp? - Grandes assises AMP 2022","og_description":"Por Angelina Harari, presidenta de la Asociaci\u00f3n Mundial de Psicoan\u00e1lisis La AMP re\u00fane siete Escuelas, situadas en diferentes pa\u00edses y en diferentes continentes. Caracterizada por una diversidad de idiomas y de estilos, es una experiencia translig\u00fc\u00edstica que pretende mantener viva la orientaci\u00f3n lacaniana y el Psicoan\u00e1lisis. Todos sus miembros poseen en efecto un punto en&hellip;&nbsp;Read More &raquo;\u00bfQu\u00e9 es la amp?","og_url":"https:\/\/www.grandesassisesamp2022.com\/es\/acogida\/que-es-la-amp\/","og_site_name":"Grandes assises AMP 2022","article_modified_time":"2022-01-15T08:23:35+00:00","og_image":[{"width":1600,"height":400,"url":"https:\/\/www.grandesassisesamp2022.com\/wp-content\/uploads\/2021\/04\/nasa-Q1p7bh3SHj8-unsplash.jpg","type":"image\/jpeg"}],"twitter_card":"summary_large_image","twitter_misc":{"Tiempo de lectura":"2 minutos"},"schema":{"@context":"https:\/\/schema.org","@graph":[{"@type":"WebPage","@id":"https:\/\/www.grandesassisesamp2022.com\/es\/acogida\/que-es-la-amp\/","url":"https:\/\/www.grandesassisesamp2022.com\/es\/acogida\/que-es-la-amp\/","name":"\u00bfQu\u00e9 es la amp? - Grandes assises AMP 2022","isPartOf":{"@id":"https:\/\/www.grandesassisesamp2022.com\/#website"},"datePublished":"2021-04-16T08:31:33+00:00","dateModified":"2022-01-15T08:23:35+00:00","breadcrumb":{"@id":"https:\/\/www.grandesassisesamp2022.com\/es\/acogida\/que-es-la-amp\/#breadcrumb"},"inLanguage":"es","potentialAction":[{"@type":"ReadAction","target":["https:\/\/www.grandesassisesamp2022.com\/es\/acogida\/que-es-la-amp\/"]}]},{"@type":"BreadcrumbList","@id":"https:\/\/www.grandesassisesamp2022.com\/es\/acogida\/que-es-la-amp\/#breadcrumb","itemListElement":[{"@type":"ListItem","position":1,"name":"Accueil","item":"https:\/\/www.grandesassisesamp2022.com\/es\/"},{"@type":"ListItem","position":2,"name":"Acogida","item":"https:\/\/www.grandesassisesamp2022.com\/es\/"},{"@type":"ListItem","position":3,"name":"\u00bfQu\u00e9 es la amp?"}]},{"@type":"WebSite","@id":"https:\/\/www.grandesassisesamp2022.com\/#website","url":"https:\/\/www.grandesassisesamp2022.com\/","name":"Grandes assises AMP 2022","description":"Paris","potentialAction":[{"@type":"SearchAction","target":{"@type":"EntryPoint","urlTemplate":"https:\/\/www.grandesassisesamp2022.com\/?s={search_term_string}"},"query-input":"required name=search_term_string"}],"inLanguage":"es"}]}},"_links":{"self":[{"href":"https:\/\/www.grandesassisesamp2022.com\/es\/wp-json\/wp\/v2\/pages\/7025","targetHints":{"allow":["GET"]}}],"collection":[{"href":"https:\/\/www.grandesassisesamp2022.com\/es\/wp-json\/wp\/v2\/pages"}],"about":[{"href":"https:\/\/www.grandesassisesamp2022.com\/es\/wp-json\/wp\/v2\/types\/page"}],"author":[{"embeddable":true,"href":"https:\/\/www.grandesassisesamp2022.com\/es\/wp-json\/wp\/v2\/users\/13"}],"replies":[{"embeddable":true,"href":"https:\/\/www.grandesassisesamp2022.com\/es\/wp-json\/wp\/v2\/comments?post=7025"}],"version-history":[{"count":27,"href":"https:\/\/www.grandesassisesamp2022.com\/es\/wp-json\/wp\/v2\/pages\/7025\/revisions"}],"predecessor-version":[{"id":11658,"href":"https:\/\/www.grandesassisesamp2022.com\/es\/wp-json\/wp\/v2\/pages\/7025\/revisions\/11658"}],"up":[{"embeddable":true,"href":"https:\/\/www.grandesassisesamp2022.com\/es\/wp-json\/wp\/v2\/pages\/7573"}],"wp:featuredmedia":[{"embeddable":true,"href":"https:\/\/www.grandesassisesamp2022.com\/es\/wp-json\/wp\/v2\/media\/6551"}],"wp:attachment":[{"href":"https:\/\/www.grandesassisesamp2022.com\/es\/wp-json\/wp\/v2\/media?parent=7025"}],"curies":[{"name":"wp","href":"https:\/\/api.w.org\/{rel}","templated":true}]}}

¿Qué es la amp?

<p class="p1">Por Angelina Harari, presidenta de la Asociación Mundial de Psicoanálisis</p>
<p>La AMP reúne siete Escuelas, situadas en diferentes países y en diferentes continentes. Caracterizada por una diversidad de idiomas y de estilos, es una experiencia transligüística que pretende mantener viva la orientación lacaniana y el Psicoanálisis. Todos sus miembros poseen en efecto un punto en común: sus referencias teóricas, su preocupación por la formación del analista, su manera de practicar el psicoanálisis, su doctrina sobre el final del análisis. Sus miembros, que viven en ambientes sociales y culturales diferentes, sienten, uno por uno, formar una Escuela UNA, compartiendo su destino, compartiendo como destino: el psicoanálisis.</p>
<p>La existencia de la AMP es una consecuencia de la enseñanza de Jacques Lacan, tal como se propagó fuera de Francia. J.-A. Miller lo puso de relieve al constatar la llegada de numerosos colegas argentinos al Seminario de Caracas, en 1980, en torno a la enseñanza de Jacques Lacan, una primicia en América Latina. Es así que, desde su nacimiento en 1981, el sujeto Escuela de la Causa Freudiana consideraba ya el mundo más allá de sus fronteras. Un jalón crucial fue la creación de la AMP por J.-A. Miller en 1992. Ocho años más tarde, el significante “Escuela Una” vino a poner un punto de capitón a  la particularidad de la AMP, es decir su extimidad. Ella es la Una que reúne las Escuelas más allá de sus diferencias y su diversidad.</p>


<div class="wp-block-image"><figure class="aligncenter size-full"><img loading="lazy" decoding="async" width="171" height="207" src="https://www.grandesassisesamp2022.com/wp-content/uploads/2022/01/image.jpeg" alt="" class="wp-image-11511"/></figure></div>



<h3 class="wp-block-heading"><span class="has-inline-color has-neve-link-color-color">3 DE ENERO DE 2022 &#8211; 30 AÑOS DEL ANUNCIO DE LA CREACIÓN DE LA AMP</span></h3>



<div class="wp-block-columns is-layout-flex wp-container-core-columns-is-layout-9d6595d7 wp-block-columns-is-layout-flex">
<div class="wp-block-column is-layout-flow wp-block-column-is-layout-flow">
<p>«  Este mes de enero constituye un momento importante en la vida del psicoanálisis de la Orientación Lacaniana: en efectio, el 3 de enero de 1992, J.-A. Miller anunció, en Buenos Aires, la creación de la AMP. <br>Por este motivo, la presidenta de la AMP, Angelina Harari, y J.-A. Miller consideraron muy importante celebrar esta fecha con la difusión de este vidéo.¡Nuestros mejores deseos para el 2022!</p>



<p>Atentamente, »<br><em>Andrea Zelaya<br><em>Presidente de la EOL</em></em></p>
</div>



<div class="wp-block-column is-layout-flow wp-block-column-is-layout-flow">
<figure class="wp-block-embed is-type-video is-provider-youtube wp-block-embed-youtube wp-embed-aspect-4-3 wp-has-aspect-ratio"><div class="wp-block-embed__wrapper">
<div class="nv-iframe-embed"><iframe loading="lazy" title="A 30 años de la fundación de la EOL. Anuncio por J.-A Miller de la creaciónde la AMP." width="1200" height="900" src="https://www.youtube.com/embed/U60UZTe9Pzk?feature=oembed" frameborder="0" allow="accelerometer; autoplay; clipboard-write; encrypted-media; gyroscope; picture-in-picture" allowfullscreen></iframe></div>
</div></figure>
</div>
</div>

<p>Por Angelina Harari, presidenta de la Asociación Mundial de Psicoanálisis La AMP reúne siete Escuelas, situadas en diferentes países y en diferentes continentes. Caracterizada por una diversidad de idiomas y de estilos, es una experiencia transligüística que pretende mantener viva la orientación lacaniana y el Psicoanálisis. Todos sus miembros poseen en efecto un punto en&hellip;&nbsp;<a href="https://www.grandesassisesamp2022.com/es/acogida/que-es-la-amp/" class="" rel="bookmark">Read More &raquo;<span class="screen-reader-text">¿Qué es la amp?</span></a></p>

<!-- This site is optimized with the Yoast SEO plugin v20.1 - https://yoast.com/wordpress/plugins/seo/ -->
<title>¿Qué es la amp? - Grandes assises AMP 2022</title>
<meta name="robots" content="index, follow, max-snippet:-1, max-image-preview:large, max-video-preview:-1" />
<link rel="canonical" href="https://www.grandesassisesamp2022.com/es/acogida/que-es-la-amp/" />
<meta property="og:locale" content="es_ES" />
<meta property="og:type" content="article" />
<meta property="og:title" content="¿Qué es la amp? - Grandes assises AMP 2022" />
<meta property="og:description" content="Por Angelina Harari, presidenta de la Asociación Mundial de Psicoanálisis La AMP reúne siete Escuelas, situadas en diferentes países y en diferentes continentes. Caracterizada por una diversidad de idiomas y de estilos, es una experiencia transligüística que pretende mantener viva la orientación lacaniana y el Psicoanálisis. Todos sus miembros poseen en efecto un punto en&hellip;&nbsp;Read More &raquo;¿Qué es la amp?" />
<meta property="og:url" content="https://www.grandesassisesamp2022.com/es/acogida/que-es-la-amp/" />
<meta property="og:site_name" content="Grandes assises AMP 2022" />
<meta property="article:modified_time" content="2022-01-15T08:23:35+00:00" />
<meta property="og:image" content="https://www.grandesassisesamp2022.com/wp-content/uploads/2021/04/nasa-Q1p7bh3SHj8-unsplash.jpg" />
	<meta property="og:image:width" content="1600" />
	<meta property="og:image:height" content="400" />
	<meta property="og:image:type" content="image/jpeg" />
<meta name="twitter:card" content="summary_large_image" />
<meta name="twitter:label1" content="Tiempo de lectura" />
	<meta name="twitter:data1" content="2 minutos" />
<script type="application/ld+json" class="yoast-schema-graph">{"@context":"https://schema.org","@graph":[{"@type":"WebPage","@id":"https://www.grandesassisesamp2022.com/es/acogida/que-es-la-amp/","url":"https://www.grandesassisesamp2022.com/es/acogida/que-es-la-amp/","name":"¿Qué es la amp? - Grandes assises AMP 2022","isPartOf":{"@id":"https://www.grandesassisesamp2022.com/#website"},"datePublished":"2021-04-16T08:31:33+00:00","dateModified":"2022-01-15T08:23:35+00:00","breadcrumb":{"@id":"https://www.grandesassisesamp2022.com/es/acogida/que-es-la-amp/#breadcrumb"},"inLanguage":"es","potentialAction":[{"@type":"ReadAction","target":["https://www.grandesassisesamp2022.com/es/acogida/que-es-la-amp/"]}]},{"@type":"BreadcrumbList","@id":"https://www.grandesassisesamp2022.com/es/acogida/que-es-la-amp/#breadcrumb","itemListElement":[{"@type":"ListItem","position":1,"name":"Accueil","item":"https://www.grandesassisesamp2022.com/es/"},{"@type":"ListItem","position":2,"name":"Acogida","item":"https://www.grandesassisesamp2022.com/es/"},{"@type":"ListItem","position":3,"name":"¿Qué es la amp?"}]},{"@type":"WebSite","@id":"https://www.grandesassisesamp2022.com/#website","url":"https://www.grandesassisesamp2022.com/","name":"Grandes assises AMP 2022","description":"Paris","potentialAction":[{"@type":"SearchAction","target":{"@type":"EntryPoint","urlTemplate":"https://www.grandesassisesamp2022.com/?s={search_term_string}"},"query-input":"required name=search_term_string"}],"inLanguage":"es"}]}</script>
<!-- / Yoast SEO plugin. -->

¿Qué es la amp? - Grandes assises AMP 2022

Por Angelina Harari, presidenta de la Asociación Mundial de Psicoanálisis La AMP reúne siete Escuelas, situadas en diferentes países y en diferentes continentes. Caracterizada por una diversidad de idiomas y de estilos, es una experiencia transligüística que pretende mantener viva la orientación lacaniana y el Psicoanálisis. Todos sus miembros poseen en efecto un punto en&hellip;&nbsp;Read More &raquo;¿Qué es la amp?
