{"id":7021,"date":"2021-04-16T10:30:57","date_gmt":"2021-04-16T08:30:57","guid":{"rendered":"https:\/\/www.grandesassisesamp2022.com\/accueil\/organigrama\/"},"modified":"2021-05-27T23:33:17","modified_gmt":"2021-05-27T21:33:17","slug":"organigrama","status":"publish","type":"page","link":"https:\/\/www.grandesassisesamp2022.com\/es\/acogida\/organigrama\/","title":{"rendered":"El Equipo"},"content":{"rendered":"\n<p>Les Grandes Assises se pr\u00e9parent. Elles font appel \u00e0 une team nombreuse, bien d\u00e9cid\u00e9e \u00e0 faire de cet \u00e9v\u00e8nement une grande f\u00eate de la psychanalyse. Voici le d\u00e9tail de sa composition.<\/p>\n\n<p><div>&#13;\n<p class=\"Corps\"><strong>PRESIDENTE DE LA AMP<\/strong><\/p>&#13;\n&#13;\n<\/div><\/p>\n\n<p>Angelina Harari<\/p>\n\n<p><div>&#13;\n<p class=\"Corps\"><b><span lang=\"ES\">DIRECCI\u00d3N DE LA GRAN CONVERSACI\u00d3N<\/span><\/b><b><\/b><\/p>&#13;\n&#13;\n<\/div><\/p>\n\n<p>Directora :\u00a0Christiane Alberti&#13;\nDirectores adjuntos\u00a0:\u00a0Ana\u00eblle Lebovits-Quenehen et Laurent Dumoulin<\/p>\n\n<p><div>&#13;\n<p class=\"Corps\"><b>CONSEJO CIENT\u00edFICO<\/b><b><\/b><\/p>&#13;\n&#13;\n<\/div><\/p>\n\n<p>Jacques-Alain Miller<br\/>Angelina Harari<\/p>\n\n<p><div>&#13;\n<p class=\"Corps\"><b>CONSEJEROS ESPECIALES<\/b><b><\/b><\/p>&#13;\n&#13;\n<\/div><\/p>\n\n<p>Silvia Baudini et Fabi\u00e1n Naparstek<\/p>\n\n<p><div>&#13;\n<p class=\"Corps\"><b>COMISI\u00d3N DE ORGANIZACI\u00d3N<\/b><b><\/b><\/p>&#13;\n&#13;\n<\/div><\/p>\n\n<p><div>&#13;\n<p class=\"Corps\">Librer\u00eda :\u00a0Pascale Fari<\/p>&#13;\n&#13;\n<\/div><\/p>\n\n<p><div>&#13;\n<p class=\"Corps\"><b>COMISI\u00d3N EPISTEMOL\u00d3GICA Y CL\u00cdNICA\u00a0<\/b><strong>:\u00a0<\/strong><\/p>&#13;\n&#13;\n<\/div><\/p>\n\n<p>Biblioteca\u00a0:\u00a0Philippe Hellebois<\/p>\n\n<p><div>&#13;\n<p class=\"Corps\"><b>COMUNICACI\u00d3N Y DIFUSI\u00d3N\u00a0<\/b><strong>:\u00a0<\/strong><\/p>&#13;\n&#13;\n<\/div><\/p>\n\n<p>Socios : Justine Fournier\u00a0<span lang=\"DE\">(Cart\u00e9l, o afiche)\u00a0<\/span>\u2013 Julien Moutaillier (Inform\u00e1tica)<\/p>\n","protected":false},"excerpt":{"rendered":"<p>Les Grandes Assises se pr\u00e9parent. Elles font appel \u00e0 une team nombreuse, bien d\u00e9cid\u00e9e \u00e0 faire de cet \u00e9v\u00e8nement une grande f\u00eate de la psychanalyse. Voici le d\u00e9tail de sa composition. &#13; PRESIDENTE DE LA AMP &#13; &#13; Angelina Harari &#13; DIRECCI\u00d3N DE LA GRAN CONVERSACI\u00d3N &#13; &#13; Directora :\u00a0Christiane Alberti&#13; Directores adjuntos\u00a0:\u00a0Ana\u00eblle Lebovits-Quenehen et&hellip;&nbsp;<a href=\"https:\/\/www.grandesassisesamp2022.com\/es\/acogida\/organigrama\/\" class=\"\" rel=\"bookmark\">Read More &raquo;<span class=\"screen-reader-text\">El Equipo<\/span><\/a><\/p>\n","protected":false},"author":1,"featured_media":6516,"parent":7573,"menu_order":2,"comment_status":"closed","ping_status":"closed","template":"","meta":{"neve_meta_sidebar":"full-width","neve_meta_container":"","neve_meta_enable_content_width":"","neve_meta_content_width":0,"neve_meta_title_alignment":"","neve_meta_author_avatar":"","neve_post_elements_order":"","neve_meta_disable_header":"","neve_meta_disable_footer":"","neve_meta_disable_title":"","footnotes":""},"class_list":["post-7021","page","type-page","status-publish","has-post-thumbnail","hentry"],"acf":[],"yoast_head":"<!-- This site is optimized with the Yoast SEO plugin v20.1 - https:\/\/yoast.com\/wordpress\/plugins\/seo\/ -->\n<title>El Equipo - Grandes assises AMP 2022<\/title>\n<meta name=\"robots\" content=\"index, follow, max-snippet:-1, max-image-preview:large, max-video-preview:-1\" \/>\n<link rel=\"canonical\" href=\"https:\/\/www.grandesassisesamp2022.com\/es\/acogida\/organigrama\/\" \/>\n<meta property=\"og:locale\" content=\"es_ES\" \/>\n<meta property=\"og:type\" content=\"article\" \/>\n<meta property=\"og:title\" content=\"El Equipo - Grandes assises AMP 2022\" \/>\n<meta property=\"og:description\" content=\"Les Grandes Assises se pr\u00e9parent. Elles font appel \u00e0 une team nombreuse, bien d\u00e9cid\u00e9e \u00e0 faire de cet \u00e9v\u00e8nement une grande f\u00eate de la psychanalyse. Voici le d\u00e9tail de sa composition. &#013; PRESIDENTE DE LA AMP &#013; &#013; Angelina Harari &#013; DIRECCI\u00d3N DE LA GRAN CONVERSACI\u00d3N &#013; &#013; Directora :\u00a0Christiane Alberti&#013; Directores adjuntos\u00a0:\u00a0Ana\u00eblle Lebovits-Quenehen et&hellip;&nbsp;Read More &raquo;El Equipo\" \/>\n<meta property=\"og:url\" content=\"https:\/\/www.grandesassisesamp2022.com\/es\/acogida\/organigrama\/\" \/>\n<meta property=\"og:site_name\" content=\"Grandes assises AMP 2022\" \/>\n<meta property=\"article:modified_time\" content=\"2021-05-27T21:33:17+00:00\" \/>\n<meta property=\"og:image\" content=\"https:\/\/www.grandesassisesamp2022.com\/wp-content\/uploads\/2021\/04\/daniel-von-appen-4YmF6kHvees-unsplash-copie.jpg\" \/>\n\t<meta property=\"og:image:width\" content=\"1600\" \/>\n\t<meta property=\"og:image:height\" content=\"400\" \/>\n\t<meta property=\"og:image:type\" content=\"image\/jpeg\" \/>\n<meta name=\"twitter:card\" content=\"summary_large_image\" \/>\n<meta name=\"twitter:label1\" content=\"Tiempo de lectura\" \/>\n\t<meta name=\"twitter:data1\" content=\"1 minuto\" \/>\n<script type=\"application\/ld+json\" class=\"yoast-schema-graph\">{\"@context\":\"https:\/\/schema.org\",\"@graph\":[{\"@type\":\"WebPage\",\"@id\":\"https:\/\/www.grandesassisesamp2022.com\/es\/acogida\/organigrama\/\",\"url\":\"https:\/\/www.grandesassisesamp2022.com\/es\/acogida\/organigrama\/\",\"name\":\"El Equipo - Grandes assises AMP 2022\",\"isPartOf\":{\"@id\":\"https:\/\/www.grandesassisesamp2022.com\/#website\"},\"datePublished\":\"2021-04-16T08:30:57+00:00\",\"dateModified\":\"2021-05-27T21:33:17+00:00\",\"breadcrumb\":{\"@id\":\"https:\/\/www.grandesassisesamp2022.com\/es\/acogida\/organigrama\/#breadcrumb\"},\"inLanguage\":\"es\",\"potentialAction\":[{\"@type\":\"ReadAction\",\"target\":[\"https:\/\/www.grandesassisesamp2022.com\/es\/acogida\/organigrama\/\"]}]},{\"@type\":\"BreadcrumbList\",\"@id\":\"https:\/\/www.grandesassisesamp2022.com\/es\/acogida\/organigrama\/#breadcrumb\",\"itemListElement\":[{\"@type\":\"ListItem\",\"position\":1,\"name\":\"Accueil\",\"item\":\"https:\/\/www.grandesassisesamp2022.com\/es\/\"},{\"@type\":\"ListItem\",\"position\":2,\"name\":\"Acogida\",\"item\":\"https:\/\/www.grandesassisesamp2022.com\/es\/\"},{\"@type\":\"ListItem\",\"position\":3,\"name\":\"El Equipo\"}]},{\"@type\":\"WebSite\",\"@id\":\"https:\/\/www.grandesassisesamp2022.com\/#website\",\"url\":\"https:\/\/www.grandesassisesamp2022.com\/\",\"name\":\"Grandes assises AMP 2022\",\"description\":\"Paris\",\"potentialAction\":[{\"@type\":\"SearchAction\",\"target\":{\"@type\":\"EntryPoint\",\"urlTemplate\":\"https:\/\/www.grandesassisesamp2022.com\/?s={search_term_string}\"},\"query-input\":\"required name=search_term_string\"}],\"inLanguage\":\"es\"}]}<\/script>\n<!-- \/ Yoast SEO plugin. -->","yoast_head_json":{"title":"El Equipo - Grandes assises AMP 2022","robots":{"index":"index","follow":"follow","max-snippet":"max-snippet:-1","max-image-preview":"max-image-preview:large","max-video-preview":"max-video-preview:-1"},"canonical":"https:\/\/www.grandesassisesamp2022.com\/es\/acogida\/organigrama\/","og_locale":"es_ES","og_type":"article","og_title":"El Equipo - Grandes assises AMP 2022","og_description":"Les Grandes Assises se pr\u00e9parent. Elles font appel \u00e0 une team nombreuse, bien d\u00e9cid\u00e9e \u00e0 faire de cet \u00e9v\u00e8nement une grande f\u00eate de la psychanalyse. Voici le d\u00e9tail de sa composition. &#13; PRESIDENTE DE LA AMP &#13; &#13; Angelina Harari &#13; DIRECCI\u00d3N DE LA GRAN CONVERSACI\u00d3N &#13; &#13; Directora :\u00a0Christiane Alberti&#13; Directores adjuntos\u00a0:\u00a0Ana\u00eblle Lebovits-Quenehen et&hellip;&nbsp;Read More &raquo;El Equipo","og_url":"https:\/\/www.grandesassisesamp2022.com\/es\/acogida\/organigrama\/","og_site_name":"Grandes assises AMP 2022","article_modified_time":"2021-05-27T21:33:17+00:00","og_image":[{"width":1600,"height":400,"url":"https:\/\/www.grandesassisesamp2022.com\/wp-content\/uploads\/2021\/04\/daniel-von-appen-4YmF6kHvees-unsplash-copie.jpg","type":"image\/jpeg"}],"twitter_card":"summary_large_image","twitter_misc":{"Tiempo de lectura":"1 minuto"},"schema":{"@context":"https:\/\/schema.org","@graph":[{"@type":"WebPage","@id":"https:\/\/www.grandesassisesamp2022.com\/es\/acogida\/organigrama\/","url":"https:\/\/www.grandesassisesamp2022.com\/es\/acogida\/organigrama\/","name":"El Equipo - Grandes assises AMP 2022","isPartOf":{"@id":"https:\/\/www.grandesassisesamp2022.com\/#website"},"datePublished":"2021-04-16T08:30:57+00:00","dateModified":"2021-05-27T21:33:17+00:00","breadcrumb":{"@id":"https:\/\/www.grandesassisesamp2022.com\/es\/acogida\/organigrama\/#breadcrumb"},"inLanguage":"es","potentialAction":[{"@type":"ReadAction","target":["https:\/\/www.grandesassisesamp2022.com\/es\/acogida\/organigrama\/"]}]},{"@type":"BreadcrumbList","@id":"https:\/\/www.grandesassisesamp2022.com\/es\/acogida\/organigrama\/#breadcrumb","itemListElement":[{"@type":"ListItem","position":1,"name":"Accueil","item":"https:\/\/www.grandesassisesamp2022.com\/es\/"},{"@type":"ListItem","position":2,"name":"Acogida","item":"https:\/\/www.grandesassisesamp2022.com\/es\/"},{"@type":"ListItem","position":3,"name":"El Equipo"}]},{"@type":"WebSite","@id":"https:\/\/www.grandesassisesamp2022.com\/#website","url":"https:\/\/www.grandesassisesamp2022.com\/","name":"Grandes assises AMP 2022","description":"Paris","potentialAction":[{"@type":"SearchAction","target":{"@type":"EntryPoint","urlTemplate":"https:\/\/www.grandesassisesamp2022.com\/?s={search_term_string}"},"query-input":"required name=search_term_string"}],"inLanguage":"es"}]}},"_links":{"self":[{"href":"https:\/\/www.grandesassisesamp2022.com\/es\/wp-json\/wp\/v2\/pages\/7021","targetHints":{"allow":["GET"]}}],"collection":[{"href":"https:\/\/www.grandesassisesamp2022.com\/es\/wp-json\/wp\/v2\/pages"}],"about":[{"href":"https:\/\/www.grandesassisesamp2022.com\/es\/wp-json\/wp\/v2\/types\/page"}],"author":[{"embeddable":true,"href":"https:\/\/www.grandesassisesamp2022.com\/es\/wp-json\/wp\/v2\/users\/1"}],"replies":[{"embeddable":true,"href":"https:\/\/www.grandesassisesamp2022.com\/es\/wp-json\/wp\/v2\/comments?post=7021"}],"version-history":[{"count":20,"href":"https:\/\/www.grandesassisesamp2022.com\/es\/wp-json\/wp\/v2\/pages\/7021\/revisions"}],"predecessor-version":[{"id":8783,"href":"https:\/\/www.grandesassisesamp2022.com\/es\/wp-json\/wp\/v2\/pages\/7021\/revisions\/8783"}],"up":[{"embeddable":true,"href":"https:\/\/www.grandesassisesamp2022.com\/es\/wp-json\/wp\/v2\/pages\/7573"}],"wp:featuredmedia":[{"embeddable":true,"href":"https:\/\/www.grandesassisesamp2022.com\/es\/wp-json\/wp\/v2\/media\/6516"}],"wp:attachment":[{"href":"https:\/\/www.grandesassisesamp2022.com\/es\/wp-json\/wp\/v2\/media?parent=7021"}],"curies":[{"name":"wp","href":"https:\/\/api.w.org\/{rel}","templated":true}]}}

<p>Les Grandes Assises se préparent. Elles font appel à une team nombreuse, bien décidée à faire de cet évènement une grande fête de la psychanalyse. Voici le détail de sa composition.</p>

<p><div>&#13;
<p class="Corps"><strong>PRESIDENTE DE LA AMP</strong></p>&#13;
&#13;
</div></p>

<p>Angelina Harari</p>

<p><div>&#13;
<p class="Corps"><b><span lang="ES">DIRECCIÓN DE LA GRAN CONVERSACIÓN</span></b><b></b></p>&#13;
&#13;
</div></p>

<p>Directora : Christiane Alberti&#13;
Directores adjuntos : Anaëlle Lebovits-Quenehen et Laurent Dumoulin</p>

<p><div>&#13;
<p class="Corps"><b>CONSEJO CIENTíFICO</b><b></b></p>&#13;
&#13;
</div></p>

<p>Jacques-Alain Miller<br/>Angelina Harari</p>

<p><div>&#13;
<p class="Corps"><b>CONSEJEROS ESPECIALES</b><b></b></p>&#13;
&#13;
</div></p>

<p>Silvia Baudini et Fabián Naparstek</p>

<p><div>&#13;
<p class="Corps"><b>COMISIÓN DE ORGANIZACIÓN</b><b></b></p>&#13;
&#13;
</div></p>

<p><div>&#13;
<p class="Corps">Librería : Pascale Fari</p>&#13;
&#13;
</div></p>

<p><div>&#13;
<p class="Corps"><b>COMISIÓN EPISTEMOLÓGICA Y CLÍNICA </b><strong>: </strong></p>&#13;
&#13;
</div></p>

<p>Biblioteca : Philippe Hellebois</p>

<p><div>&#13;
<p class="Corps"><b>COMUNICACIÓN Y DIFUSIÓN </b><strong>: </strong></p>&#13;
&#13;
</div></p>

<p>Socios : Justine Fournier <span lang="DE">(Cartél, o afiche) </span>– Julien Moutaillier (Informática)</p>

<p>Les Grandes Assises se préparent. Elles font appel à une team nombreuse, bien décidée à faire de cet évènement une grande fête de la psychanalyse. Voici le détail de sa composition. &#13; PRESIDENTE DE LA AMP &#13; &#13; Angelina Harari &#13; DIRECCIÓN DE LA GRAN CONVERSACIÓN &#13; &#13; Directora : Christiane Alberti&#13; Directores adjuntos : Anaëlle Lebovits-Quenehen et&hellip;&nbsp;<a href="https://www.grandesassisesamp2022.com/es/acogida/organigrama/" class="" rel="bookmark">Read More &raquo;<span class="screen-reader-text">El Equipo</span></a></p>

<!-- This site is optimized with the Yoast SEO plugin v20.1 - https://yoast.com/wordpress/plugins/seo/ -->
<title>El Equipo - Grandes assises AMP 2022</title>
<meta name="robots" content="index, follow, max-snippet:-1, max-image-preview:large, max-video-preview:-1" />
<link rel="canonical" href="https://www.grandesassisesamp2022.com/es/acogida/organigrama/" />
<meta property="og:locale" content="es_ES" />
<meta property="og:type" content="article" />
<meta property="og:title" content="El Equipo - Grandes assises AMP 2022" />
<meta property="og:description" content="Les Grandes Assises se préparent. Elles font appel à une team nombreuse, bien décidée à faire de cet évènement une grande fête de la psychanalyse. Voici le détail de sa composition. &#013; PRESIDENTE DE LA AMP &#013; &#013; Angelina Harari &#013; DIRECCIÓN DE LA GRAN CONVERSACIÓN &#013; &#013; Directora : Christiane Alberti&#013; Directores adjuntos : Anaëlle Lebovits-Quenehen et&hellip;&nbsp;Read More &raquo;El Equipo" />
<meta property="og:url" content="https://www.grandesassisesamp2022.com/es/acogida/organigrama/" />
<meta property="og:site_name" content="Grandes assises AMP 2022" />
<meta property="article:modified_time" content="2021-05-27T21:33:17+00:00" />
<meta property="og:image" content="https://www.grandesassisesamp2022.com/wp-content/uploads/2021/04/daniel-von-appen-4YmF6kHvees-unsplash-copie.jpg" />
	<meta property="og:image:width" content="1600" />
	<meta property="og:image:height" content="400" />
	<meta property="og:image:type" content="image/jpeg" />
<meta name="twitter:card" content="summary_large_image" />
<meta name="twitter:label1" content="Tiempo de lectura" />
	<meta name="twitter:data1" content="1 minuto" />
<script type="application/ld+json" class="yoast-schema-graph">{"@context":"https://schema.org","@graph":[{"@type":"WebPage","@id":"https://www.grandesassisesamp2022.com/es/acogida/organigrama/","url":"https://www.grandesassisesamp2022.com/es/acogida/organigrama/","name":"El Equipo - Grandes assises AMP 2022","isPartOf":{"@id":"https://www.grandesassisesamp2022.com/#website"},"datePublished":"2021-04-16T08:30:57+00:00","dateModified":"2021-05-27T21:33:17+00:00","breadcrumb":{"@id":"https://www.grandesassisesamp2022.com/es/acogida/organigrama/#breadcrumb"},"inLanguage":"es","potentialAction":[{"@type":"ReadAction","target":["https://www.grandesassisesamp2022.com/es/acogida/organigrama/"]}]},{"@type":"BreadcrumbList","@id":"https://www.grandesassisesamp2022.com/es/acogida/organigrama/#breadcrumb","itemListElement":[{"@type":"ListItem","position":1,"name":"Accueil","item":"https://www.grandesassisesamp2022.com/es/"},{"@type":"ListItem","position":2,"name":"Acogida","item":"https://www.grandesassisesamp2022.com/es/"},{"@type":"ListItem","position":3,"name":"El Equipo"}]},{"@type":"WebSite","@id":"https://www.grandesassisesamp2022.com/#website","url":"https://www.grandesassisesamp2022.com/","name":"Grandes assises AMP 2022","description":"Paris","potentialAction":[{"@type":"SearchAction","target":{"@type":"EntryPoint","urlTemplate":"https://www.grandesassisesamp2022.com/?s={search_term_string}"},"query-input":"required name=search_term_string"}],"inLanguage":"es"}]}</script>
<!-- / Yoast SEO plugin. -->

Les Grandes Assises se préparent. Elles font appel à une team nombreuse, bien décidée à faire de cet évènement une grande fête de la psychanalyse. Voici le détail de sa composition. &#13; PRESIDENTE DE LA AMP &#13; &#13; Angelina Harari &#13; DIRECCIÓN DE LA GRAN CONVERSACIÓN &#13; &#13; Directora : Christiane Alberti&#13; Directores adjuntos : Anaëlle Lebovits-Quenehen et&hellip;&nbsp;Read More &raquo;El Equipo
