{"version":"1.0","provider_name":"Grandes assises AMP 2022","provider_url":"https:\/\/www.grandesassisesamp2022.com\/es\/","author_name":"Anne Colombel-Plouzennec","author_url":"https:\/\/www.grandesassisesamp2022.com\/es\/author\/anne_cp\/","title":"\u00ab\u00a0Pero, no es m\u00e1s que un sue\u00f1o\u00a0\u00bb* - Grandes assises AMP 2022","type":"rich","width":600,"height":338,"html":"<blockquote class=\"wp-embedded-content\" data-secret=\"ZMnxhSlaTR\"><a href=\"https:\/\/www.grandesassisesamp2022.com\/es\/pero-no-es-mas-que-un-sueno\/\">\u00ab\u00a0Pero, no es m\u00e1s que un sue\u00f1o\u00a0\u00bb*<\/a><\/blockquote><iframe sandbox=\"allow-scripts\" security=\"restricted\" src=\"https:\/\/www.grandesassisesamp2022.com\/es\/pero-no-es-mas-que-un-sueno\/embed\/#?secret=ZMnxhSlaTR\" width=\"600\" height=\"338\" title=\"&#8220;\u00ab\u00a0Pero, no es m\u00e1s que un sue\u00f1o\u00a0\u00bb*&#8221; &#8212; Grandes assises AMP 2022\" data-secret=\"ZMnxhSlaTR\" frameborder=\"0\" marginwidth=\"0\" marginheight=\"0\" scrolling=\"no\" class=\"wp-embedded-content\"><\/iframe><script type=\"text\/javascript\">\n\/* <![CDATA[ *\/\n\/*! This file is auto-generated *\/\n!function(d,l){\"use strict\";l.querySelector&&d.addEventListener&&\"undefined\"!=typeof URL&&(d.wp=d.wp||{},d.wp.receiveEmbedMessage||(d.wp.receiveEmbedMessage=function(e){var t=e.data;if((t||t.secret||t.message||t.value)&&!\/[^a-zA-Z0-9]\/.test(t.secret)){for(var s,r,n,a=l.querySelectorAll('iframe[data-secret=\"'+t.secret+'\"]'),o=l.querySelectorAll('blockquote[data-secret=\"'+t.secret+'\"]'),c=new RegExp(\"^https?:$\",\"i\"),i=0;i<o.length;i++)o[i].style.display=\"none\";for(i=0;i<a.length;i++)s=a[i],e.source===s.contentWindow&&(s.removeAttribute(\"style\"),\"height\"===t.message?(1e3<(r=parseInt(t.value,10))?r=1e3:~~r<200&&(r=200),s.height=r):\"link\"===t.message&&(r=new URL(s.getAttribute(\"src\")),n=new URL(t.value),c.test(n.protocol))&&n.host===r.host&&l.activeElement===s&&(d.top.location.href=t.value))}},d.addEventListener(\"message\",d.wp.receiveEmbedMessage,!1),l.addEventListener(\"DOMContentLoaded\",function(){for(var e,t,s=l.querySelectorAll(\"iframe.wp-embedded-content\"),r=0;r<s.length;r++)(t=(e=s[r]).getAttribute(\"data-secret\"))||(t=Math.random().toString(36).substring(2,12),e.src+=\"#?secret=\"+t,e.setAttribute(\"data-secret\",t)),e.contentWindow.postMessage({message:\"ready\",secret:t},\"*\")},!1)))}(window,document);\n\/\/# sourceURL=https:\/\/www.grandesassisesamp2022.com\/wp-includes\/js\/wp-embed.min.js\n\/* ]]> *\/\n<\/script>\n","thumbnail_url":"https:\/\/www.grandesassisesamp2022.com\/wp-content\/uploads\/2021\/05\/gian-d-jZxairpkhho-unsplash.jpg","thumbnail_width":790,"thumbnail_height":360,"description":"Tenemos el placer de difundir el texto de la intervenci\u00f3n prevista en apertura del XIIavo Congreso de la Asociaci\u00f3n mundial de psicoan\u00e1lisis que deb\u00eda tenerse en 2020 en Buenos Aires sobre el tema \u00ab El sue\u00f1o. Su interpretaci\u00f3n y su uso en la cura lacaniana \u00bb. En vista del pr\u00f3ximo Congreso del 2022 en Paris,&hellip;&nbsp;Read More &raquo;"}

« Pero, no es más que un sueño »* - Grandes assises AMP 2022

<blockquote class="wp-embedded-content" data-secret="ZMnxhSlaTR"><a href="https://www.grandesassisesamp2022.com/es/pero-no-es-mas-que-un-sueno/">« Pero, no es más que un sueño »*</a></blockquote><iframe sandbox="allow-scripts" security="restricted" src="https://www.grandesassisesamp2022.com/es/pero-no-es-mas-que-un-sueno/embed/#?secret=ZMnxhSlaTR" width="600" height="338" title="&#8220;« Pero, no es más que un sueño »*&#8221; &#8212; Grandes assises AMP 2022" data-secret="ZMnxhSlaTR" frameborder="0" marginwidth="0" marginheight="0" scrolling="no" class="wp-embedded-content"></iframe><script type="text/javascript">
/* <![CDATA[ */
/*! This file is auto-generated */
!function(d,l){"use strict";l.querySelector&&d.addEventListener&&"undefined"!=typeof URL&&(d.wp=d.wp||{},d.wp.receiveEmbedMessage||(d.wp.receiveEmbedMessage=function(e){var t=e.data;if((t||t.secret||t.message||t.value)&&!/[^a-zA-Z0-9]/.test(t.secret)){for(var s,r,n,a=l.querySelectorAll('iframe[data-secret="'+t.secret+'"]'),o=l.querySelectorAll('blockquote[data-secret="'+t.secret+'"]'),c=new RegExp("^https?:$","i"),i=0;i<o.length;i++)o[i].style.display="none";for(i=0;i<a.length;i++)s=a[i],e.source===s.contentWindow&&(s.removeAttribute("style"),"height"===t.message?(1e3<(r=parseInt(t.value,10))?r=1e3:~~r<200&&(r=200),s.height=r):"link"===t.message&&(r=new URL(s.getAttribute("src")),n=new URL(t.value),c.test(n.protocol))&&n.host===r.host&&l.activeElement===s&&(d.top.location.href=t.value))}},d.addEventListener("message",d.wp.receiveEmbedMessage,!1),l.addEventListener("DOMContentLoaded",function(){for(var e,t,s=l.querySelectorAll("iframe.wp-embedded-content"),r=0;r<s.length;r++)(t=(e=s[r]).getAttribute("data-secret"))||(t=Math.random().toString(36).substring(2,12),e.src+="#?secret="+t,e.setAttribute("data-secret",t)),e.contentWindow.postMessage({message:"ready",secret:t},"*")},!1)))}(window,document);
//# sourceURL=https://www.grandesassisesamp2022.com/wp-includes/js/wp-embed.min.js
/* ]]> */
</script>

Tenemos el placer de difundir el texto de la intervención prevista en apertura del XIIavo Congreso de la Asociación mundial de psicoanálisis que debía tenerse en 2020 en Buenos Aires sobre el tema « El sueño. Su interpretación y su uso en la cura lacaniana ». En vista del próximo Congreso del 2022 en Paris,&hellip;&nbsp;Read More &raquo;
